{"id":313,"date":"2023-12-20T13:17:43","date_gmt":"2023-12-20T13:17:43","guid":{"rendered":"https:\/\/congresosemnim.com\/2024\/?page_id=313"},"modified":"2024-03-01T12:09:21","modified_gmt":"2024-03-01T12:09:21","slug":"comite-cientifico","status":"publish","type":"page","link":"https:\/\/congresosemnim.com\/2024\/comite-cientifico\/","title":{"rendered":"Comit\u00e9 Cient\u00edfico"},"content":{"rendered":"\n<div class=\"wp-block-stackable-heading stk-block-heading stk-block-heading--v2 stk-block stk-e51507a\" id=\"vocales-natos\" data-block-id=\"e51507a\"><style>.stk-e51507a{margin-bottom:50px !important}.stk-e51507a .stk-block-heading__text{color:var(u002du002dtheme-palette-color-3,#094AAD) !important}.stk-e51507a .stk-block-heading__bottom-line{height:2px !important;width:98% !important;background-color:var(u002du002dtheme-palette-color-3,#094AAD) !important;margin-top:15px !important}<\/style><h2 class=\"stk-block-heading__text has-text-color\">Vocales natos<\/h2><div class=\"stk-block-heading__bottom-line\"><\/div><\/div>\n\n\n\n<ul class=\"perfiles-simple wp-block-list\">\n<li>Montserrat Cort\u00e9s Romera<br><strong>Hospital Universitario de Bellvitge. L\u2019Hospitalet. Barcelona<\/strong><br><em>PRESIDENCIA DEL COMIT\u00c9 CIENT\u00cdFICO<\/em><\/li>\n\n\n\n<li>Virginia Pubul N\u00fa\u00f1ez.<br><strong>Complejo Hospitalario Universitario De Santiago de Compostela.<\/strong><br><em>VICEPRESIDENCIA DE LA SEMNIM<\/em><\/li>\n\n\n\n<li>Justo Serrano Vicente<br><strong>Hospital Universitario de Badajoz<\/strong><br><em>VICESECRETAR\u00cdA DE LA SEMNIM<\/em><\/li>\n\n\n\n<li>Stefan Prado Wohlwend<br><strong>Hospital Universitario y Polit\u00e9cnico La Fe Valencia<\/strong><br><em>VICETESORER\u00cdA DE LA SEMNIM<\/em><\/li>\n\n\n\n<li>Elena Go\u00f1i Giron\u00e9s<br><strong>Hospital Universitario de Navarra, Pamplona<\/strong><br><em>EDITORA JEFE DE LA REMNIM<\/em><\/li>\n\n\n\n<li>Elena Go\u00f1i Giron\u00e9s<br><strong>Hospital Universitario de Navarra, Pamplona<\/strong><br><em>PRESIDENCIA DEL COMITE\u0301 LOCAL<\/em><\/li>\n\n\n\n<li>Jos\u00e9 Ram\u00f3n Garc\u00eda Garz\u00f3n<br><strong>Grupo CETIR-ASCIRES<\/strong><br><em>PRESIDENCIA DEL COMITE\u0301 CIENTI\u0301FICO DEL CONGRESO NACIONAL ANTERIOR<\/em><\/li>\n\n\n\n<li>Cristina Pe\u00f1a Viloria<br><strong>Hospital Universitario Son Espases de Palma de Mallorca<\/strong><br><em>COORDINADORA DE FORMACI\u00d3N<\/em><\/li>\n<\/ul>\n\n\n\n<div class=\"wp-block-stackable-spacer stk-block-spacer stk--no-padding stk-block stk-3f7757f\" data-block-id=\"3f7757f\"><\/div>\n\n\n\n<div class=\"wp-block-stackable-heading stk-block-heading stk-block-heading--v2 stk-block stk-9dfd330\" id=\"vocales-expertos\" data-block-id=\"9dfd330\"><style>.stk-9dfd330{margin-bottom:50px !important}.stk-9dfd330 .stk-block-heading__text{color:var(u002du002dtheme-palette-color-3,#094AAD) !important}.stk-9dfd330 .stk-block-heading__bottom-line{height:2px !important;width:98% !important;background-color:var(u002du002dtheme-palette-color-3,#094AAD) !important;margin-top:15px !important}<\/style><h2 class=\"stk-block-heading__text has-text-color\">Vocales expertos<\/h2><div class=\"stk-block-heading__bottom-line\"><\/div><\/div>\n\n\n\n<ul class=\"perfiles-simple wp-block-list\">\n<li>Ricardo Ruano P\u00e9rez<br><strong>Hospital Cl\u00ednico Universitario de Valladolid<\/strong><br><a href=\"mailto:rruano@saludcastillayleon.es\" target=\"_blank\" rel=\"noreferrer noopener\"><strong>rruano@saludcastillayleon.es<\/strong><\/a><br><em>CARDIOLOGIA<\/em><\/li>\n\n\n\n<li>Alba Rodr\u00edguez Gassen<br><strong>Hospital Universitari de Bellvitge de L\u2019Hospitalet de Llobregat (Barcelona)<\/strong><br><strong><a href=\"mailto:arodriguez@bellvitgehospital.cat\" target=\"_blank\" rel=\"noreferrer noopener\">arodriguez@bellvitgehospital.cat<\/a><\/strong><br><em>ENDOCRINOLOGIA<\/em><\/li>\n\n\n\n<li>Macarena Rodr\u00edguez Fraile<br><strong>Cl\u00ednica Universitaria de Navarra<br><\/strong><a href=\"mailto:mrodriguez@unav.es\"><strong>mrodriguez@una<\/strong><\/a><a href=\"mailto:mrodriguez@unav.es\" target=\"_blank\" rel=\"noreferrer noopener\"><strong>v.es<\/strong><\/a><br><em>ONCOLOG\u00cdA<\/em><\/li>\n\n\n\n<li>Maria Nieves Cabrera Mart\u00edn<br><strong>Hospital Cl\u00ednico San Carlos. Madrid<\/strong><br><strong><a href=\"mailto:mncabreram@hotmail.com\" target=\"_blank\" rel=\"noreferrer noopener\">mncabreram@hotmail.com<\/a><br><\/strong><em>GRUPO NEUROIMAGEN<\/em><\/li>\n\n\n\n<li>Luisa Fernanda Le\u00f3n<br><strong>Hospital Universitario Rey Juan Carlos de M\u00f3stoles. Madrid<\/strong><br><a href=\"mailto:luisafdaleon@gmail.com\" target=\"_blank\" rel=\"noreferrer noopener\"><strong>luisafdaleon@gmail.com<\/strong><\/a><br><em>CIRUGIA RADIOGUIADA<\/em><\/li>\n\n\n\n<li>Dr. Edel Noriega \u00c1lvarez<br><strong>Hospital General Universitario de Guadalajara<\/strong><br><a href=\"mailto:edelnoriega@gmail.com\" target=\"_blank\" rel=\"noreferrer noopener\"><strong>edelnoriega@gmail.com<\/strong><\/a><br><em>MUSCULOESQUEL\u00c9TICO<\/em><\/li>\n\n\n\n<li>Raquel Jover D\u00edaz<br><strong>Hospital Universitario Dr. Peset de Valencia<\/strong><br><a href=\"mailto:Jover_raq@yahoo.es\" target=\"_blank\" rel=\"noreferrer noopener\"><strong>Jover_raq@yahoo.es<\/strong><\/a><br><em>GESTI\u00d3N Y CALIDAD<\/em><\/li>\n<\/ul>\n\n\n\n<div class=\"wp-block-stackable-spacer stk-block-spacer stk--no-padding stk-block stk-5396a1e\" data-block-id=\"5396a1e\"><style>.stk-5396a1e{height:100px !important}<\/style><\/div>\n","protected":false},"excerpt":{"rendered":"<p>Vocales natos Vocales expertos<\/p>\n","protected":false},"author":2,"featured_media":0,"parent":0,"menu_order":0,"comment_status":"closed","ping_status":"closed","template":"","meta":{"footnotes":""},"class_list":["post-313","page","type-page","status-publish","hentry"],"blocksy_meta":{"page_structure_type":"type-3","styles_descriptor":{"styles":{"desktop":"","tablet":"","mobile":""},"google_fonts":[],"version":6}},"yoast_head":"<!-- This site is optimized with the Yoast SEO plugin v24.3 - https:\/\/yoast.com\/wordpress\/plugins\/seo\/ -->\n<title>Comit\u00e9 Cient\u00edfico - Congreso SEMNIM 2024<\/title>\n<meta name=\"robots\" content=\"index, follow, max-snippet:-1, max-image-preview:large, max-video-preview:-1\" \/>\n<link rel=\"canonical\" href=\"https:\/\/congresosemnim.com\/2024\/comite-cientifico\/\" \/>\n<meta property=\"og:locale\" content=\"es_ES\" \/>\n<meta property=\"og:type\" content=\"article\" \/>\n<meta property=\"og:title\" content=\"Comit\u00e9 Cient\u00edfico - Congreso SEMNIM 2024\" \/>\n<meta property=\"og:description\" content=\"Vocales natos Vocales expertos\" \/>\n<meta property=\"og:url\" content=\"https:\/\/congresosemnim.com\/2024\/comite-cientifico\/\" \/>\n<meta property=\"og:site_name\" content=\"Congreso SEMNIM 2024\" \/>\n<meta property=\"article:modified_time\" content=\"2024-03-01T12:09:21+00:00\" \/>\n<meta name=\"twitter:card\" content=\"summary_large_image\" \/>\n<meta name=\"twitter:label1\" content=\"Tiempo de lectura\" \/>\n\t<meta name=\"twitter:data1\" content=\"1 minuto\" \/>\n<script type=\"application\/ld+json\" class=\"yoast-schema-graph\">{\"@context\":\"https:\/\/schema.org\",\"@graph\":[{\"@type\":\"WebPage\",\"@id\":\"https:\/\/congresosemnim.com\/2024\/comite-cientifico\/\",\"url\":\"https:\/\/congresosemnim.com\/2024\/comite-cientifico\/\",\"name\":\"Comit\u00e9 Cient\u00edfico - Congreso SEMNIM 2024\",\"isPartOf\":{\"@id\":\"https:\/\/congresosemnim.com\/2024\/#website\"},\"datePublished\":\"2023-12-20T13:17:43+00:00\",\"dateModified\":\"2024-03-01T12:09:21+00:00\",\"breadcrumb\":{\"@id\":\"https:\/\/congresosemnim.com\/2024\/comite-cientifico\/#breadcrumb\"},\"inLanguage\":\"es\",\"potentialAction\":[{\"@type\":\"ReadAction\",\"target\":[\"https:\/\/congresosemnim.com\/2024\/comite-cientifico\/\"]}]},{\"@type\":\"BreadcrumbList\",\"@id\":\"https:\/\/congresosemnim.com\/2024\/comite-cientifico\/#breadcrumb\",\"itemListElement\":[{\"@type\":\"ListItem\",\"position\":1,\"name\":\"Portada\",\"item\":\"https:\/\/congresosemnim.com\/2024\/\"},{\"@type\":\"ListItem\",\"position\":2,\"name\":\"Comit\u00e9 Cient\u00edfico\"}]},{\"@type\":\"WebSite\",\"@id\":\"https:\/\/congresosemnim.com\/2024\/#website\",\"url\":\"https:\/\/congresosemnim.com\/2024\/\",\"name\":\"Congreso SEMNIM 2024\",\"description\":\"Pamplona, 22 al 24 de mayo de 2024\",\"publisher\":{\"@id\":\"https:\/\/congresosemnim.com\/2024\/#organization\"},\"potentialAction\":[{\"@type\":\"SearchAction\",\"target\":{\"@type\":\"EntryPoint\",\"urlTemplate\":\"https:\/\/congresosemnim.com\/2024\/?s={search_term_string}\"},\"query-input\":{\"@type\":\"PropertyValueSpecification\",\"valueRequired\":true,\"valueName\":\"search_term_string\"}}],\"inLanguage\":\"es\"},{\"@type\":\"Organization\",\"@id\":\"https:\/\/congresosemnim.com\/2024\/#organization\",\"name\":\"Congreso SEMNIM 2024\",\"url\":\"https:\/\/congresosemnim.com\/2024\/\",\"logo\":{\"@type\":\"ImageObject\",\"inLanguage\":\"es\",\"@id\":\"https:\/\/congresosemnim.com\/2024\/#\/schema\/logo\/image\/\",\"url\":\"https:\/\/congresosemnim.com\/2024\/wp-content\/uploads\/2023\/11\/logo-semnim-01.svg\",\"contentUrl\":\"https:\/\/congresosemnim.com\/2024\/wp-content\/uploads\/2023\/11\/logo-semnim-01.svg\",\"width\":542,\"height\":140,\"caption\":\"Congreso SEMNIM 2024\"},\"image\":{\"@id\":\"https:\/\/congresosemnim.com\/2024\/#\/schema\/logo\/image\/\"}}]}<\/script>\n<!-- \/ Yoast SEO plugin. -->","yoast_head_json":{"title":"Comit\u00e9 Cient\u00edfico - Congreso SEMNIM 2024","robots":{"index":"index","follow":"follow","max-snippet":"max-snippet:-1","max-image-preview":"max-image-preview:large","max-video-preview":"max-video-preview:-1"},"canonical":"https:\/\/congresosemnim.com\/2024\/comite-cientifico\/","og_locale":"es_ES","og_type":"article","og_title":"Comit\u00e9 Cient\u00edfico - Congreso SEMNIM 2024","og_description":"Vocales natos Vocales expertos","og_url":"https:\/\/congresosemnim.com\/2024\/comite-cientifico\/","og_site_name":"Congreso SEMNIM 2024","article_modified_time":"2024-03-01T12:09:21+00:00","twitter_card":"summary_large_image","twitter_misc":{"Tiempo de lectura":"1 minuto"},"schema":{"@context":"https:\/\/schema.org","@graph":[{"@type":"WebPage","@id":"https:\/\/congresosemnim.com\/2024\/comite-cientifico\/","url":"https:\/\/congresosemnim.com\/2024\/comite-cientifico\/","name":"Comit\u00e9 Cient\u00edfico - Congreso SEMNIM 2024","isPartOf":{"@id":"https:\/\/congresosemnim.com\/2024\/#website"},"datePublished":"2023-12-20T13:17:43+00:00","dateModified":"2024-03-01T12:09:21+00:00","breadcrumb":{"@id":"https:\/\/congresosemnim.com\/2024\/comite-cientifico\/#breadcrumb"},"inLanguage":"es","potentialAction":[{"@type":"ReadAction","target":["https:\/\/congresosemnim.com\/2024\/comite-cientifico\/"]}]},{"@type":"BreadcrumbList","@id":"https:\/\/congresosemnim.com\/2024\/comite-cientifico\/#breadcrumb","itemListElement":[{"@type":"ListItem","position":1,"name":"Portada","item":"https:\/\/congresosemnim.com\/2024\/"},{"@type":"ListItem","position":2,"name":"Comit\u00e9 Cient\u00edfico"}]},{"@type":"WebSite","@id":"https:\/\/congresosemnim.com\/2024\/#website","url":"https:\/\/congresosemnim.com\/2024\/","name":"Congreso SEMNIM 2024","description":"Pamplona, 22 al 24 de mayo de 2024","publisher":{"@id":"https:\/\/congresosemnim.com\/2024\/#organization"},"potentialAction":[{"@type":"SearchAction","target":{"@type":"EntryPoint","urlTemplate":"https:\/\/congresosemnim.com\/2024\/?s={search_term_string}"},"query-input":{"@type":"PropertyValueSpecification","valueRequired":true,"valueName":"search_term_string"}}],"inLanguage":"es"},{"@type":"Organization","@id":"https:\/\/congresosemnim.com\/2024\/#organization","name":"Congreso SEMNIM 2024","url":"https:\/\/congresosemnim.com\/2024\/","logo":{"@type":"ImageObject","inLanguage":"es","@id":"https:\/\/congresosemnim.com\/2024\/#\/schema\/logo\/image\/","url":"https:\/\/congresosemnim.com\/2024\/wp-content\/uploads\/2023\/11\/logo-semnim-01.svg","contentUrl":"https:\/\/congresosemnim.com\/2024\/wp-content\/uploads\/2023\/11\/logo-semnim-01.svg","width":542,"height":140,"caption":"Congreso SEMNIM 2024"},"image":{"@id":"https:\/\/congresosemnim.com\/2024\/#\/schema\/logo\/image\/"}}]}},"_links":{"self":[{"href":"https:\/\/congresosemnim.com\/2024\/wp-json\/wp\/v2\/pages\/313","targetHints":{"allow":["GET"]}}],"collection":[{"href":"https:\/\/congresosemnim.com\/2024\/wp-json\/wp\/v2\/pages"}],"about":[{"href":"https:\/\/congresosemnim.com\/2024\/wp-json\/wp\/v2\/types\/page"}],"author":[{"embeddable":true,"href":"https:\/\/congresosemnim.com\/2024\/wp-json\/wp\/v2\/users\/2"}],"replies":[{"embeddable":true,"href":"https:\/\/congresosemnim.com\/2024\/wp-json\/wp\/v2\/comments?post=313"}],"version-history":[{"count":18,"href":"https:\/\/congresosemnim.com\/2024\/wp-json\/wp\/v2\/pages\/313\/revisions"}],"predecessor-version":[{"id":604,"href":"https:\/\/congresosemnim.com\/2024\/wp-json\/wp\/v2\/pages\/313\/revisions\/604"}],"wp:attachment":[{"href":"https:\/\/congresosemnim.com\/2024\/wp-json\/wp\/v2\/media?parent=313"}],"curies":[{"name":"wp","href":"https:\/\/api.w.org\/{rel}","templated":true}]}}