{"id":267,"date":"2023-11-21T12:21:46","date_gmt":"2023-11-21T12:21:46","guid":{"rendered":"https:\/\/congresosemnim.com\/2024\/?page_id=267"},"modified":"2024-01-22T10:35:23","modified_gmt":"2024-01-22T10:35:23","slug":"junta-directiva-semnim","status":"publish","type":"page","link":"https:\/\/congresosemnim.com\/2024\/junta-directiva-semnim\/","title":{"rendered":"Junta Directiva SEMNIM"},"content":{"rendered":"\n<div class=\"wp-block-stackable-heading stk-block-heading stk-block-heading--v2 stk-block stk-e51507a\" id=\"comite-ejecutivo\" data-block-id=\"e51507a\"><style>.stk-e51507a{margin-bottom:50px !important}.stk-e51507a .stk-block-heading__text{color:var(--theme-palette-color-3,#094AAD) !important}.stk-e51507a .stk-block-heading__bottom-line{height:2px !important;width:98% !important;background-color:var(--theme-palette-color-3,#094AAD) !important;margin-top:15px !important}<\/style><h2 class=\"stk-block-heading__text has-text-color\">Comit\u00e9 Ejecutivo<\/h2><div class=\"stk-block-heading__bottom-line\"><\/div><\/div>\n\n\n\n<ul class=\"perfiles-simple wp-block-list\">\n<li>Diego Becerra Garc\u00eda<br><em>PRESIDENTE<\/em><\/li>\n\n\n\n<li>Virginia Pubul N\u00fa\u00f1ez<br><em>VICEPRESIDENTA<\/em><\/li>\n\n\n\n<li>Iratxe Fern\u00e1ndez Tercero<br><em>SECRETARIA<\/em><\/li>\n\n\n\n<li>Justo Serrano Vicente<br><em>VICESECRETARIO<\/em><\/li>\n\n\n\n<li>Adolfo G\u00f3mez Grande<br><em>TESORERO<\/em><\/li>\n\n\n\n<li>Stefan Prado Wohlwend<br><em>VICETESORERO<\/em><\/li>\n\n\n\n<li>Elena Go\u00f1i Giron\u00e9s<br><em>EDITORA JEFE REMNIM<\/em><\/li>\n\n\n\n<li>Antonio Rodr\u00edguez Fern\u00e1ndez<br><em>VOCAL SOCIEDADES AUTON\u00d3MICAS<\/em><\/li>\n\n\n\n<li>Edel Noriega \u00c1lvarez<br><em>VOCAL REPRESENTANTE GRUPOS TRABAJO<\/em><\/li>\n<\/ul>\n\n\n\n<div class=\"wp-block-stackable-spacer stk-block-spacer stk--no-padding stk-block stk-3f7757f\" data-block-id=\"3f7757f\"><\/div>\n\n\n\n<div class=\"wp-block-stackable-heading stk-block-heading stk-block-heading--v2 stk-block stk-9dfd330\" id=\"presidencias-grupos-de-trabajo\" data-block-id=\"9dfd330\"><style>.stk-9dfd330{margin-bottom:50px !important}.stk-9dfd330 .stk-block-heading__text{color:var(--theme-palette-color-3,#094AAD) !important}.stk-9dfd330 .stk-block-heading__bottom-line{height:2px !important;width:98% !important;background-color:var(--theme-palette-color-3,#094AAD) !important;margin-top:15px !important}<\/style><h2 class=\"stk-block-heading__text has-text-color\">Presidencias Grupos de Trabajo<\/h2><div class=\"stk-block-heading__bottom-line\"><\/div><\/div>\n\n\n\n<ul class=\"perfiles-simple wp-block-list\">\n<li>Mar\u00eda Nieves Cabrera Mart\u00edn<br><em>NEUROIMAGEN<\/em><\/li>\n\n\n\n<li>Ricardo Ruano P\u00e9rez<br><em>CARDIOLOG\u00cdA NUCLEAR<\/em><\/li>\n\n\n\n<li>Macarena Rodr\u00edguez Fraile<br><em>ONCOLOG\u00cdA<\/em><\/li>\n\n\n\n<li>Juan Antonio Vallejo Casas<br><em>ENDOCRINOLOG\u00cdA<\/em><\/li>\n\n\n\n<li>Edel Noriega \u00c1lvarez<br><em>PATOLOG\u00cdA M\u00daSCULO-ESQUEL\u00c9TICA<\/em><\/li>\n\n\n\n<li>Jos\u00e9 Ferrer Rebolleda<br><em>CIRUG\u00cdA RADIOGUIADA<\/em><\/li>\n\n\n\n<li>Raquel Jover D\u00edaz<br><em>GESTI\u00d3N Y CALIDAD<\/em><\/li>\n<\/ul>\n\n\n\n<div class=\"wp-block-stackable-spacer stk-block-spacer stk--no-padding stk-block stk-5396a1e\" data-block-id=\"5396a1e\"><\/div>\n\n\n\n<div class=\"wp-block-stackable-heading stk-block-heading stk-block-heading--v2 stk-block stk-9c14cf6\" id=\"presidencias-sociedades-autonomicas\" data-block-id=\"9c14cf6\"><style>.stk-9c14cf6{margin-bottom:50px !important}.stk-9c14cf6 .stk-block-heading__text{color:var(--theme-palette-color-3,#094AAD) !important}.stk-9c14cf6 .stk-block-heading__bottom-line{height:2px !important;width:98% !important;background-color:var(--theme-palette-color-3,#094AAD) !important;margin-top:15px !important}<\/style><h2 class=\"stk-block-heading__text has-text-color\">Presidencias Sociedades Auton\u00f3micas<\/h2><div class=\"stk-block-heading__bottom-line\"><\/div><\/div>\n\n\n\n<ul class=\"perfiles-simple wp-block-list\">\n<li>Antonio Rodr\u00edguez Fern\u00e1ndez<br><em>SOCIEDAD ANDALUZA<\/em><\/li>\n\n\n\n<li>Angel Soriano Castrej\u00f3n<br><em>SOCIEDAD CASTELLANO-MANCHEGA<\/em><\/li>\n\n\n\n<li>Eduard Riera Gil<br><em>SOCIEDAD CATALANA<\/em><\/li>\n\n\n\n<li>Lina Garc\u00eda Ca\u00f1amaque<br><em>SOCIEDAD MADRILE\u00d1A<\/em><\/li>\n\n\n\n<li>H\u00e9ctor Rodr\u00edguez<br><em>SOCIEDAD VALENCIANA<\/em><\/li>\n\n\n\n<li>Bego\u00f1a Miguel Mart\u00ednez<br><em>SOCIEDAD CASTELLANO-LEONESA<\/em><\/li>\n\n\n\n<li>Virginia Pubul N\u00fa\u00f1ez<br><em>SOCIEDAD GALLEGA<\/em><\/li>\n<\/ul>\n","protected":false},"excerpt":{"rendered":"<p>Comit\u00e9 Ejecutivo Presidencias Grupos de Trabajo Presidencias Sociedades Auton\u00f3micas<\/p>\n","protected":false},"author":1,"featured_media":0,"parent":0,"menu_order":0,"comment_status":"closed","ping_status":"closed","template":"","meta":{"footnotes":""},"class_list":["post-267","page","type-page","status-publish","hentry"],"blocksy_meta":{"page_structure_type":"type-3","styles_descriptor":{"styles":{"desktop":"","tablet":"","mobile":""},"google_fonts":[],"version":6}},"yoast_head":"<!-- This site is optimized with the Yoast SEO plugin v24.3 - https:\/\/yoast.com\/wordpress\/plugins\/seo\/ -->\n<title>Junta Directiva SEMNIM - Congreso SEMNIM 2024<\/title>\n<meta name=\"robots\" content=\"index, follow, max-snippet:-1, max-image-preview:large, max-video-preview:-1\" \/>\n<link rel=\"canonical\" href=\"https:\/\/congresosemnim.com\/2024\/junta-directiva-semnim\/\" \/>\n<meta property=\"og:locale\" content=\"es_ES\" \/>\n<meta property=\"og:type\" content=\"article\" \/>\n<meta property=\"og:title\" content=\"Junta Directiva SEMNIM - Congreso SEMNIM 2024\" \/>\n<meta property=\"og:description\" content=\"Comit\u00e9 Ejecutivo Presidencias Grupos de Trabajo Presidencias Sociedades Auton\u00f3micas\" \/>\n<meta property=\"og:url\" content=\"https:\/\/congresosemnim.com\/2024\/junta-directiva-semnim\/\" \/>\n<meta property=\"og:site_name\" content=\"Congreso SEMNIM 2024\" \/>\n<meta property=\"article:modified_time\" content=\"2024-01-22T10:35:23+00:00\" \/>\n<meta name=\"twitter:card\" content=\"summary_large_image\" \/>\n<meta name=\"twitter:label1\" content=\"Tiempo de lectura\" \/>\n\t<meta name=\"twitter:data1\" content=\"1 minuto\" \/>\n<script type=\"application\/ld+json\" class=\"yoast-schema-graph\">{\"@context\":\"https:\/\/schema.org\",\"@graph\":[{\"@type\":\"WebPage\",\"@id\":\"https:\/\/congresosemnim.com\/2024\/junta-directiva-semnim\/\",\"url\":\"https:\/\/congresosemnim.com\/2024\/junta-directiva-semnim\/\",\"name\":\"Junta Directiva SEMNIM - Congreso SEMNIM 2024\",\"isPartOf\":{\"@id\":\"https:\/\/congresosemnim.com\/2024\/#website\"},\"datePublished\":\"2023-11-21T12:21:46+00:00\",\"dateModified\":\"2024-01-22T10:35:23+00:00\",\"breadcrumb\":{\"@id\":\"https:\/\/congresosemnim.com\/2024\/junta-directiva-semnim\/#breadcrumb\"},\"inLanguage\":\"es\",\"potentialAction\":[{\"@type\":\"ReadAction\",\"target\":[\"https:\/\/congresosemnim.com\/2024\/junta-directiva-semnim\/\"]}]},{\"@type\":\"BreadcrumbList\",\"@id\":\"https:\/\/congresosemnim.com\/2024\/junta-directiva-semnim\/#breadcrumb\",\"itemListElement\":[{\"@type\":\"ListItem\",\"position\":1,\"name\":\"Portada\",\"item\":\"https:\/\/congresosemnim.com\/2024\/\"},{\"@type\":\"ListItem\",\"position\":2,\"name\":\"Junta Directiva SEMNIM\"}]},{\"@type\":\"WebSite\",\"@id\":\"https:\/\/congresosemnim.com\/2024\/#website\",\"url\":\"https:\/\/congresosemnim.com\/2024\/\",\"name\":\"Congreso SEMNIM 2024\",\"description\":\"Pamplona, 22 al 24 de mayo de 2024\",\"publisher\":{\"@id\":\"https:\/\/congresosemnim.com\/2024\/#organization\"},\"potentialAction\":[{\"@type\":\"SearchAction\",\"target\":{\"@type\":\"EntryPoint\",\"urlTemplate\":\"https:\/\/congresosemnim.com\/2024\/?s={search_term_string}\"},\"query-input\":{\"@type\":\"PropertyValueSpecification\",\"valueRequired\":true,\"valueName\":\"search_term_string\"}}],\"inLanguage\":\"es\"},{\"@type\":\"Organization\",\"@id\":\"https:\/\/congresosemnim.com\/2024\/#organization\",\"name\":\"Congreso SEMNIM 2024\",\"url\":\"https:\/\/congresosemnim.com\/2024\/\",\"logo\":{\"@type\":\"ImageObject\",\"inLanguage\":\"es\",\"@id\":\"https:\/\/congresosemnim.com\/2024\/#\/schema\/logo\/image\/\",\"url\":\"https:\/\/congresosemnim.com\/2024\/wp-content\/uploads\/2023\/11\/logo-semnim-01.svg\",\"contentUrl\":\"https:\/\/congresosemnim.com\/2024\/wp-content\/uploads\/2023\/11\/logo-semnim-01.svg\",\"width\":542,\"height\":140,\"caption\":\"Congreso SEMNIM 2024\"},\"image\":{\"@id\":\"https:\/\/congresosemnim.com\/2024\/#\/schema\/logo\/image\/\"}}]}<\/script>\n<!-- \/ Yoast SEO plugin. -->","yoast_head_json":{"title":"Junta Directiva SEMNIM - Congreso SEMNIM 2024","robots":{"index":"index","follow":"follow","max-snippet":"max-snippet:-1","max-image-preview":"max-image-preview:large","max-video-preview":"max-video-preview:-1"},"canonical":"https:\/\/congresosemnim.com\/2024\/junta-directiva-semnim\/","og_locale":"es_ES","og_type":"article","og_title":"Junta Directiva SEMNIM - Congreso SEMNIM 2024","og_description":"Comit\u00e9 Ejecutivo Presidencias Grupos de Trabajo Presidencias Sociedades Auton\u00f3micas","og_url":"https:\/\/congresosemnim.com\/2024\/junta-directiva-semnim\/","og_site_name":"Congreso SEMNIM 2024","article_modified_time":"2024-01-22T10:35:23+00:00","twitter_card":"summary_large_image","twitter_misc":{"Tiempo de lectura":"1 minuto"},"schema":{"@context":"https:\/\/schema.org","@graph":[{"@type":"WebPage","@id":"https:\/\/congresosemnim.com\/2024\/junta-directiva-semnim\/","url":"https:\/\/congresosemnim.com\/2024\/junta-directiva-semnim\/","name":"Junta Directiva SEMNIM - Congreso SEMNIM 2024","isPartOf":{"@id":"https:\/\/congresosemnim.com\/2024\/#website"},"datePublished":"2023-11-21T12:21:46+00:00","dateModified":"2024-01-22T10:35:23+00:00","breadcrumb":{"@id":"https:\/\/congresosemnim.com\/2024\/junta-directiva-semnim\/#breadcrumb"},"inLanguage":"es","potentialAction":[{"@type":"ReadAction","target":["https:\/\/congresosemnim.com\/2024\/junta-directiva-semnim\/"]}]},{"@type":"BreadcrumbList","@id":"https:\/\/congresosemnim.com\/2024\/junta-directiva-semnim\/#breadcrumb","itemListElement":[{"@type":"ListItem","position":1,"name":"Portada","item":"https:\/\/congresosemnim.com\/2024\/"},{"@type":"ListItem","position":2,"name":"Junta Directiva SEMNIM"}]},{"@type":"WebSite","@id":"https:\/\/congresosemnim.com\/2024\/#website","url":"https:\/\/congresosemnim.com\/2024\/","name":"Congreso SEMNIM 2024","description":"Pamplona, 22 al 24 de mayo de 2024","publisher":{"@id":"https:\/\/congresosemnim.com\/2024\/#organization"},"potentialAction":[{"@type":"SearchAction","target":{"@type":"EntryPoint","urlTemplate":"https:\/\/congresosemnim.com\/2024\/?s={search_term_string}"},"query-input":{"@type":"PropertyValueSpecification","valueRequired":true,"valueName":"search_term_string"}}],"inLanguage":"es"},{"@type":"Organization","@id":"https:\/\/congresosemnim.com\/2024\/#organization","name":"Congreso SEMNIM 2024","url":"https:\/\/congresosemnim.com\/2024\/","logo":{"@type":"ImageObject","inLanguage":"es","@id":"https:\/\/congresosemnim.com\/2024\/#\/schema\/logo\/image\/","url":"https:\/\/congresosemnim.com\/2024\/wp-content\/uploads\/2023\/11\/logo-semnim-01.svg","contentUrl":"https:\/\/congresosemnim.com\/2024\/wp-content\/uploads\/2023\/11\/logo-semnim-01.svg","width":542,"height":140,"caption":"Congreso SEMNIM 2024"},"image":{"@id":"https:\/\/congresosemnim.com\/2024\/#\/schema\/logo\/image\/"}}]}},"_links":{"self":[{"href":"https:\/\/congresosemnim.com\/2024\/wp-json\/wp\/v2\/pages\/267","targetHints":{"allow":["GET"]}}],"collection":[{"href":"https:\/\/congresosemnim.com\/2024\/wp-json\/wp\/v2\/pages"}],"about":[{"href":"https:\/\/congresosemnim.com\/2024\/wp-json\/wp\/v2\/types\/page"}],"author":[{"embeddable":true,"href":"https:\/\/congresosemnim.com\/2024\/wp-json\/wp\/v2\/users\/1"}],"replies":[{"embeddable":true,"href":"https:\/\/congresosemnim.com\/2024\/wp-json\/wp\/v2\/comments?post=267"}],"version-history":[{"count":22,"href":"https:\/\/congresosemnim.com\/2024\/wp-json\/wp\/v2\/pages\/267\/revisions"}],"predecessor-version":[{"id":461,"href":"https:\/\/congresosemnim.com\/2024\/wp-json\/wp\/v2\/pages\/267\/revisions\/461"}],"wp:attachment":[{"href":"https:\/\/congresosemnim.com\/2024\/wp-json\/wp\/v2\/media?parent=267"}],"curies":[{"name":"wp","href":"https:\/\/api.w.org\/{rel}","templated":true}]}}

<div class="wp-block-stackable-heading stk-block-heading stk-block-heading--v2 stk-block stk-e51507a" id="comite-ejecutivo" data-block-id="e51507a"><style>.stk-e51507a{margin-bottom:50px !important}.stk-e51507a .stk-block-heading__text{color:var(--theme-palette-color-3,#094AAD) !important}.stk-e51507a .stk-block-heading__bottom-line{height:2px !important;width:98% !important;background-color:var(--theme-palette-color-3,#094AAD) !important;margin-top:15px !important}</style><h2 class="stk-block-heading__text has-text-color">Comité Ejecutivo</h2><div class="stk-block-heading__bottom-line"></div></div>



<ul class="perfiles-simple wp-block-list">
<li>Diego Becerra García<br><em>PRESIDENTE</em></li>



<li>Virginia Pubul Núñez<br><em>VICEPRESIDENTA</em></li>



<li>Iratxe Fernández Tercero<br><em>SECRETARIA</em></li>



<li>Justo Serrano Vicente<br><em>VICESECRETARIO</em></li>



<li>Adolfo Gómez Grande<br><em>TESORERO</em></li>



<li>Stefan Prado Wohlwend<br><em>VICETESORERO</em></li>



<li>Elena Goñi Gironés<br><em>EDITORA JEFE REMNIM</em></li>



<li>Antonio Rodríguez Fernández<br><em>VOCAL SOCIEDADES AUTONÓMICAS</em></li>



<li>Edel Noriega Álvarez<br><em>VOCAL REPRESENTANTE GRUPOS TRABAJO</em></li>
</ul>



<div class="wp-block-stackable-spacer stk-block-spacer stk--no-padding stk-block stk-3f7757f" data-block-id="3f7757f"></div>



<div class="wp-block-stackable-heading stk-block-heading stk-block-heading--v2 stk-block stk-9dfd330" id="presidencias-grupos-de-trabajo" data-block-id="9dfd330"><style>.stk-9dfd330{margin-bottom:50px !important}.stk-9dfd330 .stk-block-heading__text{color:var(--theme-palette-color-3,#094AAD) !important}.stk-9dfd330 .stk-block-heading__bottom-line{height:2px !important;width:98% !important;background-color:var(--theme-palette-color-3,#094AAD) !important;margin-top:15px !important}</style><h2 class="stk-block-heading__text has-text-color">Presidencias Grupos de Trabajo</h2><div class="stk-block-heading__bottom-line"></div></div>



<ul class="perfiles-simple wp-block-list">
<li>María Nieves Cabrera Martín<br><em>NEUROIMAGEN</em></li>



<li>Ricardo Ruano Pérez<br><em>CARDIOLOGÍA NUCLEAR</em></li>



<li>Macarena Rodríguez Fraile<br><em>ONCOLOGÍA</em></li>



<li>Juan Antonio Vallejo Casas<br><em>ENDOCRINOLOGÍA</em></li>



<li>Edel Noriega Álvarez<br><em>PATOLOGÍA MÚSCULO-ESQUELÉTICA</em></li>



<li>José Ferrer Rebolleda<br><em>CIRUGÍA RADIOGUIADA</em></li>



<li>Raquel Jover Díaz<br><em>GESTIÓN Y CALIDAD</em></li>
</ul>



<div class="wp-block-stackable-spacer stk-block-spacer stk--no-padding stk-block stk-5396a1e" data-block-id="5396a1e"></div>



<div class="wp-block-stackable-heading stk-block-heading stk-block-heading--v2 stk-block stk-9c14cf6" id="presidencias-sociedades-autonomicas" data-block-id="9c14cf6"><style>.stk-9c14cf6{margin-bottom:50px !important}.stk-9c14cf6 .stk-block-heading__text{color:var(--theme-palette-color-3,#094AAD) !important}.stk-9c14cf6 .stk-block-heading__bottom-line{height:2px !important;width:98% !important;background-color:var(--theme-palette-color-3,#094AAD) !important;margin-top:15px !important}</style><h2 class="stk-block-heading__text has-text-color">Presidencias Sociedades Autonómicas</h2><div class="stk-block-heading__bottom-line"></div></div>



<ul class="perfiles-simple wp-block-list">
<li>Antonio Rodríguez Fernández<br><em>SOCIEDAD ANDALUZA</em></li>



<li>Angel Soriano Castrejón<br><em>SOCIEDAD CASTELLANO-MANCHEGA</em></li>



<li>Eduard Riera Gil<br><em>SOCIEDAD CATALANA</em></li>



<li>Lina García Cañamaque<br><em>SOCIEDAD MADRILEÑA</em></li>



<li>Héctor Rodríguez<br><em>SOCIEDAD VALENCIANA</em></li>



<li>Begoña Miguel Martínez<br><em>SOCIEDAD CASTELLANO-LEONESA</em></li>



<li>Virginia Pubul Núñez<br><em>SOCIEDAD GALLEGA</em></li>
</ul>

<p>Comité Ejecutivo Presidencias Grupos de Trabajo Presidencias Sociedades Autonómicas</p>

<!-- This site is optimized with the Yoast SEO plugin v24.3 - https://yoast.com/wordpress/plugins/seo/ -->
<title>Junta Directiva SEMNIM - Congreso SEMNIM 2024</title>
<meta name="robots" content="index, follow, max-snippet:-1, max-image-preview:large, max-video-preview:-1" />
<link rel="canonical" href="https://congresosemnim.com/2024/junta-directiva-semnim/" />
<meta property="og:locale" content="es_ES" />
<meta property="og:type" content="article" />
<meta property="og:title" content="Junta Directiva SEMNIM - Congreso SEMNIM 2024" />
<meta property="og:description" content="Comité Ejecutivo Presidencias Grupos de Trabajo Presidencias Sociedades Autonómicas" />
<meta property="og:url" content="https://congresosemnim.com/2024/junta-directiva-semnim/" />
<meta property="og:site_name" content="Congreso SEMNIM 2024" />
<meta property="article:modified_time" content="2024-01-22T10:35:23+00:00" />
<meta name="twitter:card" content="summary_large_image" />
<meta name="twitter:label1" content="Tiempo de lectura" />
	<meta name="twitter:data1" content="1 minuto" />
<script type="application/ld+json" class="yoast-schema-graph">{"@context":"https://schema.org","@graph":[{"@type":"WebPage","@id":"https://congresosemnim.com/2024/junta-directiva-semnim/","url":"https://congresosemnim.com/2024/junta-directiva-semnim/","name":"Junta Directiva SEMNIM - Congreso SEMNIM 2024","isPartOf":{"@id":"https://congresosemnim.com/2024/#website"},"datePublished":"2023-11-21T12:21:46+00:00","dateModified":"2024-01-22T10:35:23+00:00","breadcrumb":{"@id":"https://congresosemnim.com/2024/junta-directiva-semnim/#breadcrumb"},"inLanguage":"es","potentialAction":[{"@type":"ReadAction","target":["https://congresosemnim.com/2024/junta-directiva-semnim/"]}]},{"@type":"BreadcrumbList","@id":"https://congresosemnim.com/2024/junta-directiva-semnim/#breadcrumb","itemListElement":[{"@type":"ListItem","position":1,"name":"Portada","item":"https://congresosemnim.com/2024/"},{"@type":"ListItem","position":2,"name":"Junta Directiva SEMNIM"}]},{"@type":"WebSite","@id":"https://congresosemnim.com/2024/#website","url":"https://congresosemnim.com/2024/","name":"Congreso SEMNIM 2024","description":"Pamplona, 22 al 24 de mayo de 2024","publisher":{"@id":"https://congresosemnim.com/2024/#organization"},"potentialAction":[{"@type":"SearchAction","target":{"@type":"EntryPoint","urlTemplate":"https://congresosemnim.com/2024/?s={search_term_string}"},"query-input":{"@type":"PropertyValueSpecification","valueRequired":true,"valueName":"search_term_string"}}],"inLanguage":"es"},{"@type":"Organization","@id":"https://congresosemnim.com/2024/#organization","name":"Congreso SEMNIM 2024","url":"https://congresosemnim.com/2024/","logo":{"@type":"ImageObject","inLanguage":"es","@id":"https://congresosemnim.com/2024/#/schema/logo/image/","url":"https://congresosemnim.com/2024/wp-content/uploads/2023/11/logo-semnim-01.svg","contentUrl":"https://congresosemnim.com/2024/wp-content/uploads/2023/11/logo-semnim-01.svg","width":542,"height":140,"caption":"Congreso SEMNIM 2024"},"image":{"@id":"https://congresosemnim.com/2024/#/schema/logo/image/"}}]}</script>
<!-- / Yoast SEO plugin. -->

Comité Ejecutivo Presidencias Grupos de Trabajo Presidencias Sociedades Autonómicas
