{"id":220,"date":"2023-11-03T14:58:43","date_gmt":"2023-11-03T14:58:43","guid":{"rendered":"https:\/\/congresosemnim.com\/2024\/?page_id=220"},"modified":"2023-11-03T14:59:42","modified_gmt":"2023-11-03T14:59:42","slug":"bienvenida-del-comite-local","status":"publish","type":"page","link":"https:\/\/congresosemnim.com\/2024\/bienvenida-del-comite-local\/","title":{"rendered":"Bienvenida del Comit\u00e9 Local"},"content":{"rendered":"\n<div class=\"wp-block-stackable-columns stk-block-columns stk-block stk-cf6970e\" data-block-id=\"cf6970e\"><style>.stk-cf6970e-column{--stk-columns-spacing:0px !important}<\/style><div class=\"stk-row stk-inner-blocks stk-block-content stk-content-align stk-cf6970e-column\">\n<div class=\"wp-block-stackable-column stk-block-column stk-column stk-block stk-36e274d columna-izquierda\" data-v=\"4\" data-block-id=\"36e274d\"><style>@media screen and (min-width:768px){.stk-36e274d{flex:1 1 calc(50% - var(--stk-column-gap,0px) * 1 \/ 2 ) !important}}<\/style><div class=\"stk-column-wrapper stk-block-column__content stk-container stk-36e274d-container stk--no-background stk--no-padding\"><div class=\"stk-block-content stk-inner-blocks stk-36e274d-inner-blocks\">\n<p class=\"texto-destacado-1\">Desde el Comit\u00e9 local os damos nuestra m\u00e1s cordial bienvenida al 40\u00ba congreso de la SEMNIM que celebraremos en Pamplona del 22 al 24 de mayo de 2024. Fue en 1995 cuando nuestra ciudad fue sede del 18\u00aa congreso, as\u00ed que es hora de volver a visitarla o de descubrirla para algunos.\u00a0<\/p>\n<\/div><\/div><\/div>\n\n\n\n<div class=\"wp-block-stackable-column stk-block-column stk-column stk-block stk-03f2c68\" data-v=\"4\" data-block-id=\"03f2c68\"><style>@media screen and (min-width:768px){.stk-03f2c68{flex:1 1 calc(50% - var(--stk-column-gap,0px) * 1 \/ 2 ) !important}}<\/style><div class=\"stk-column-wrapper stk-block-column__content stk-container stk-03f2c68-container stk--no-background stk--no-padding\"><div class=\"stk-block-content stk-inner-blocks stk-03f2c68-inner-blocks\">\n<p>Estamos muy ilusionados en hacer de \u00e9ste un evento grato y fruct\u00edfero. As\u00ed, el Comit\u00e9 Cient\u00edfico est\u00e1 trabajando en la confecci\u00f3n de un programa que esperamos sea de inter\u00e9s para todos vosotros y estamos seguros de que se ver\u00e1 enriquecido con vuestra experiencia y colaboraci\u00f3n. Es por ello por lo que os animamos a participar en todas las actividades programadas.&nbsp;<\/p>\n\n\n\n<p>Nos gustar\u00eda seguir con la l\u00ednea de los congresos anteriores, sobre todo reforzando la uni\u00f3n entre profesionales, la ganas de compartir y siempre buscando la mejor combinaci\u00f3n entre lo social y lo cient\u00edfico.<\/p>\n\n\n\n<p>Deseamos que disfrut\u00e9is de nuestra ciudad y que os sint\u00e1is como en casa. Por nuestra parte, pondremos todo nuestro empe\u00f1o en que as\u00ed sea.&nbsp;<\/p>\n\n\n\n<p>Por \u00faltimo, me gustar\u00eda agradecer la confianza depositada por la Junta Directiva de la SEMNIM en este Comit\u00e9 Local. Tambi\u00e9n quisiera resaltar el importante trabajo que llevan a cabo los Grupos de Trabajo de nuestra sociedad en la realizaci\u00f3n del congreso y finalmente darte las gracias a t\u00ed, socio de la SEMNIM, porque t\u00fa lo haces posible.<\/p>\n\n\n\n<p>As\u00ed que \u00a1\u00a1te esperamos en Pamplona!!<\/p>\n\n\n\n<p><strong><span style=\"color: var(--theme-palette-color-3, #094AAD);\" class=\"stk-highlight\">Elena Go\u00f1i Giron\u00e9s<br><\/span><\/strong><span style=\"color: var(--theme-palette-color-3, #094AAD);\" class=\"stk-highlight\">Presidenta del Comit\u00e9 Organizador Local<\/span><\/p>\n<\/div><\/div><\/div>\n<\/div><\/div>\n","protected":false},"excerpt":{"rendered":"<p>Desde el Comit\u00e9 local os damos nuestra m\u00e1s cordial bienvenida al 40\u00ba congreso de la SEMNIM que celebraremos en Pamplona del 22 al 24 de mayo de 2024. Fue en 1995 cuando nuestra ciudad fue sede del 18\u00aa congreso, as\u00ed que es hora de volver a visitarla o de descubrirla para algunos.\u00a0 Estamos muy ilusionados [&hellip;]<\/p>\n","protected":false},"author":1,"featured_media":141,"parent":0,"menu_order":0,"comment_status":"closed","ping_status":"closed","template":"","meta":{"footnotes":""},"class_list":["post-220","page","type-page","status-publish","has-post-thumbnail","hentry"],"blocksy_meta":[],"yoast_head":"<!-- This site is optimized with the Yoast SEO plugin v24.3 - https:\/\/yoast.com\/wordpress\/plugins\/seo\/ -->\n<title>Bienvenida del Comit\u00e9 Local - Congreso SEMNIM 2024<\/title>\n<meta name=\"description\" content=\"Pamplona, 22 al 24 de mayo de 2024. Sociedad Espa\u00f1ola de Medicina Nuclear e Imagen Molecular.\" \/>\n<meta name=\"robots\" content=\"index, follow, max-snippet:-1, max-image-preview:large, max-video-preview:-1\" \/>\n<link rel=\"canonical\" href=\"https:\/\/congresosemnim.com\/2024\/bienvenida-del-comite-local\/\" \/>\n<meta property=\"og:locale\" content=\"es_ES\" \/>\n<meta property=\"og:type\" content=\"article\" \/>\n<meta property=\"og:title\" content=\"Bienvenida del Comit\u00e9 Local - Congreso SEMNIM 2024\" \/>\n<meta property=\"og:description\" content=\"Pamplona, 22 al 24 de mayo de 2024. Sociedad Espa\u00f1ola de Medicina Nuclear e Imagen Molecular.\" \/>\n<meta property=\"og:url\" content=\"https:\/\/congresosemnim.com\/2024\/bienvenida-del-comite-local\/\" \/>\n<meta property=\"og:site_name\" content=\"Congreso SEMNIM 2024\" \/>\n<meta property=\"article:modified_time\" content=\"2023-11-03T14:59:42+00:00\" \/>\n<meta property=\"og:image\" content=\"https:\/\/congresosemnim.com\/2024\/wp-content\/uploads\/2023\/10\/seo-semnim.png\" \/>\n\t<meta property=\"og:image:width\" content=\"1200\" \/>\n\t<meta property=\"og:image:height\" content=\"800\" \/>\n\t<meta property=\"og:image:type\" content=\"image\/png\" \/>\n<meta name=\"twitter:card\" content=\"summary_large_image\" \/>\n<meta name=\"twitter:label1\" content=\"Tiempo de lectura\" \/>\n\t<meta name=\"twitter:data1\" content=\"2 minutos\" \/>\n<script type=\"application\/ld+json\" class=\"yoast-schema-graph\">{\"@context\":\"https:\/\/schema.org\",\"@graph\":[{\"@type\":\"WebPage\",\"@id\":\"https:\/\/congresosemnim.com\/2024\/bienvenida-del-comite-local\/\",\"url\":\"https:\/\/congresosemnim.com\/2024\/bienvenida-del-comite-local\/\",\"name\":\"Bienvenida del Comit\u00e9 Local - Congreso SEMNIM 2024\",\"isPartOf\":{\"@id\":\"https:\/\/congresosemnim.com\/2024\/#website\"},\"primaryImageOfPage\":{\"@id\":\"https:\/\/congresosemnim.com\/2024\/bienvenida-del-comite-local\/#primaryimage\"},\"image\":{\"@id\":\"https:\/\/congresosemnim.com\/2024\/bienvenida-del-comite-local\/#primaryimage\"},\"thumbnailUrl\":\"https:\/\/congresosemnim.com\/2024\/wp-content\/uploads\/2023\/10\/seo-semnim.png\",\"datePublished\":\"2023-11-03T14:58:43+00:00\",\"dateModified\":\"2023-11-03T14:59:42+00:00\",\"description\":\"Pamplona, 22 al 24 de mayo de 2024. Sociedad Espa\u00f1ola de Medicina Nuclear e Imagen Molecular.\",\"breadcrumb\":{\"@id\":\"https:\/\/congresosemnim.com\/2024\/bienvenida-del-comite-local\/#breadcrumb\"},\"inLanguage\":\"es\",\"potentialAction\":[{\"@type\":\"ReadAction\",\"target\":[\"https:\/\/congresosemnim.com\/2024\/bienvenida-del-comite-local\/\"]}]},{\"@type\":\"ImageObject\",\"inLanguage\":\"es\",\"@id\":\"https:\/\/congresosemnim.com\/2024\/bienvenida-del-comite-local\/#primaryimage\",\"url\":\"https:\/\/congresosemnim.com\/2024\/wp-content\/uploads\/2023\/10\/seo-semnim.png\",\"contentUrl\":\"https:\/\/congresosemnim.com\/2024\/wp-content\/uploads\/2023\/10\/seo-semnim.png\",\"width\":1200,\"height\":800},{\"@type\":\"BreadcrumbList\",\"@id\":\"https:\/\/congresosemnim.com\/2024\/bienvenida-del-comite-local\/#breadcrumb\",\"itemListElement\":[{\"@type\":\"ListItem\",\"position\":1,\"name\":\"Portada\",\"item\":\"https:\/\/congresosemnim.com\/2024\/\"},{\"@type\":\"ListItem\",\"position\":2,\"name\":\"Bienvenida del Comit\u00e9 Local\"}]},{\"@type\":\"WebSite\",\"@id\":\"https:\/\/congresosemnim.com\/2024\/#website\",\"url\":\"https:\/\/congresosemnim.com\/2024\/\",\"name\":\"Congreso SEMNIM 2024\",\"description\":\"Pamplona, 22 al 24 de mayo de 2024\",\"publisher\":{\"@id\":\"https:\/\/congresosemnim.com\/2024\/#organization\"},\"potentialAction\":[{\"@type\":\"SearchAction\",\"target\":{\"@type\":\"EntryPoint\",\"urlTemplate\":\"https:\/\/congresosemnim.com\/2024\/?s={search_term_string}\"},\"query-input\":{\"@type\":\"PropertyValueSpecification\",\"valueRequired\":true,\"valueName\":\"search_term_string\"}}],\"inLanguage\":\"es\"},{\"@type\":\"Organization\",\"@id\":\"https:\/\/congresosemnim.com\/2024\/#organization\",\"name\":\"Congreso SEMNIM 2024\",\"url\":\"https:\/\/congresosemnim.com\/2024\/\",\"logo\":{\"@type\":\"ImageObject\",\"inLanguage\":\"es\",\"@id\":\"https:\/\/congresosemnim.com\/2024\/#\/schema\/logo\/image\/\",\"url\":\"https:\/\/congresosemnim.com\/2024\/wp-content\/uploads\/2023\/11\/logo-semnim-01.svg\",\"contentUrl\":\"https:\/\/congresosemnim.com\/2024\/wp-content\/uploads\/2023\/11\/logo-semnim-01.svg\",\"width\":542,\"height\":140,\"caption\":\"Congreso SEMNIM 2024\"},\"image\":{\"@id\":\"https:\/\/congresosemnim.com\/2024\/#\/schema\/logo\/image\/\"}}]}<\/script>\n<!-- \/ Yoast SEO plugin. -->","yoast_head_json":{"title":"Bienvenida del Comit\u00e9 Local - Congreso SEMNIM 2024","description":"Pamplona, 22 al 24 de mayo de 2024. Sociedad Espa\u00f1ola de Medicina Nuclear e Imagen Molecular.","robots":{"index":"index","follow":"follow","max-snippet":"max-snippet:-1","max-image-preview":"max-image-preview:large","max-video-preview":"max-video-preview:-1"},"canonical":"https:\/\/congresosemnim.com\/2024\/bienvenida-del-comite-local\/","og_locale":"es_ES","og_type":"article","og_title":"Bienvenida del Comit\u00e9 Local - Congreso SEMNIM 2024","og_description":"Pamplona, 22 al 24 de mayo de 2024. Sociedad Espa\u00f1ola de Medicina Nuclear e Imagen Molecular.","og_url":"https:\/\/congresosemnim.com\/2024\/bienvenida-del-comite-local\/","og_site_name":"Congreso SEMNIM 2024","article_modified_time":"2023-11-03T14:59:42+00:00","og_image":[{"width":1200,"height":800,"url":"https:\/\/congresosemnim.com\/2024\/wp-content\/uploads\/2023\/10\/seo-semnim.png","type":"image\/png"}],"twitter_card":"summary_large_image","twitter_misc":{"Tiempo de lectura":"2 minutos"},"schema":{"@context":"https:\/\/schema.org","@graph":[{"@type":"WebPage","@id":"https:\/\/congresosemnim.com\/2024\/bienvenida-del-comite-local\/","url":"https:\/\/congresosemnim.com\/2024\/bienvenida-del-comite-local\/","name":"Bienvenida del Comit\u00e9 Local - Congreso SEMNIM 2024","isPartOf":{"@id":"https:\/\/congresosemnim.com\/2024\/#website"},"primaryImageOfPage":{"@id":"https:\/\/congresosemnim.com\/2024\/bienvenida-del-comite-local\/#primaryimage"},"image":{"@id":"https:\/\/congresosemnim.com\/2024\/bienvenida-del-comite-local\/#primaryimage"},"thumbnailUrl":"https:\/\/congresosemnim.com\/2024\/wp-content\/uploads\/2023\/10\/seo-semnim.png","datePublished":"2023-11-03T14:58:43+00:00","dateModified":"2023-11-03T14:59:42+00:00","description":"Pamplona, 22 al 24 de mayo de 2024. Sociedad Espa\u00f1ola de Medicina Nuclear e Imagen Molecular.","breadcrumb":{"@id":"https:\/\/congresosemnim.com\/2024\/bienvenida-del-comite-local\/#breadcrumb"},"inLanguage":"es","potentialAction":[{"@type":"ReadAction","target":["https:\/\/congresosemnim.com\/2024\/bienvenida-del-comite-local\/"]}]},{"@type":"ImageObject","inLanguage":"es","@id":"https:\/\/congresosemnim.com\/2024\/bienvenida-del-comite-local\/#primaryimage","url":"https:\/\/congresosemnim.com\/2024\/wp-content\/uploads\/2023\/10\/seo-semnim.png","contentUrl":"https:\/\/congresosemnim.com\/2024\/wp-content\/uploads\/2023\/10\/seo-semnim.png","width":1200,"height":800},{"@type":"BreadcrumbList","@id":"https:\/\/congresosemnim.com\/2024\/bienvenida-del-comite-local\/#breadcrumb","itemListElement":[{"@type":"ListItem","position":1,"name":"Portada","item":"https:\/\/congresosemnim.com\/2024\/"},{"@type":"ListItem","position":2,"name":"Bienvenida del Comit\u00e9 Local"}]},{"@type":"WebSite","@id":"https:\/\/congresosemnim.com\/2024\/#website","url":"https:\/\/congresosemnim.com\/2024\/","name":"Congreso SEMNIM 2024","description":"Pamplona, 22 al 24 de mayo de 2024","publisher":{"@id":"https:\/\/congresosemnim.com\/2024\/#organization"},"potentialAction":[{"@type":"SearchAction","target":{"@type":"EntryPoint","urlTemplate":"https:\/\/congresosemnim.com\/2024\/?s={search_term_string}"},"query-input":{"@type":"PropertyValueSpecification","valueRequired":true,"valueName":"search_term_string"}}],"inLanguage":"es"},{"@type":"Organization","@id":"https:\/\/congresosemnim.com\/2024\/#organization","name":"Congreso SEMNIM 2024","url":"https:\/\/congresosemnim.com\/2024\/","logo":{"@type":"ImageObject","inLanguage":"es","@id":"https:\/\/congresosemnim.com\/2024\/#\/schema\/logo\/image\/","url":"https:\/\/congresosemnim.com\/2024\/wp-content\/uploads\/2023\/11\/logo-semnim-01.svg","contentUrl":"https:\/\/congresosemnim.com\/2024\/wp-content\/uploads\/2023\/11\/logo-semnim-01.svg","width":542,"height":140,"caption":"Congreso SEMNIM 2024"},"image":{"@id":"https:\/\/congresosemnim.com\/2024\/#\/schema\/logo\/image\/"}}]}},"_links":{"self":[{"href":"https:\/\/congresosemnim.com\/2024\/wp-json\/wp\/v2\/pages\/220","targetHints":{"allow":["GET"]}}],"collection":[{"href":"https:\/\/congresosemnim.com\/2024\/wp-json\/wp\/v2\/pages"}],"about":[{"href":"https:\/\/congresosemnim.com\/2024\/wp-json\/wp\/v2\/types\/page"}],"author":[{"embeddable":true,"href":"https:\/\/congresosemnim.com\/2024\/wp-json\/wp\/v2\/users\/1"}],"replies":[{"embeddable":true,"href":"https:\/\/congresosemnim.com\/2024\/wp-json\/wp\/v2\/comments?post=220"}],"version-history":[{"count":2,"href":"https:\/\/congresosemnim.com\/2024\/wp-json\/wp\/v2\/pages\/220\/revisions"}],"predecessor-version":[{"id":223,"href":"https:\/\/congresosemnim.com\/2024\/wp-json\/wp\/v2\/pages\/220\/revisions\/223"}],"wp:featuredmedia":[{"embeddable":true,"href":"https:\/\/congresosemnim.com\/2024\/wp-json\/wp\/v2\/media\/141"}],"wp:attachment":[{"href":"https:\/\/congresosemnim.com\/2024\/wp-json\/wp\/v2\/media?parent=220"}],"curies":[{"name":"wp","href":"https:\/\/api.w.org\/{rel}","templated":true}]}}

Bienvenida del Comité Local

<div class="wp-block-stackable-columns stk-block-columns stk-block stk-cf6970e" data-block-id="cf6970e"><style>.stk-cf6970e-column{--stk-columns-spacing:0px !important}</style><div class="stk-row stk-inner-blocks stk-block-content stk-content-align stk-cf6970e-column">
<div class="wp-block-stackable-column stk-block-column stk-column stk-block stk-36e274d columna-izquierda" data-v="4" data-block-id="36e274d"><style>@media screen and (min-width:768px){.stk-36e274d{flex:1 1 calc(50% - var(--stk-column-gap,0px) * 1 / 2 ) !important}}</style><div class="stk-column-wrapper stk-block-column__content stk-container stk-36e274d-container stk--no-background stk--no-padding"><div class="stk-block-content stk-inner-blocks stk-36e274d-inner-blocks">
<p class="texto-destacado-1">Desde el Comité local os damos nuestra más cordial bienvenida al 40º congreso de la SEMNIM que celebraremos en Pamplona del 22 al 24 de mayo de 2024. Fue en 1995 cuando nuestra ciudad fue sede del 18ª congreso, así que es hora de volver a visitarla o de descubrirla para algunos. </p>
</div></div></div>



<div class="wp-block-stackable-column stk-block-column stk-column stk-block stk-03f2c68" data-v="4" data-block-id="03f2c68"><style>@media screen and (min-width:768px){.stk-03f2c68{flex:1 1 calc(50% - var(--stk-column-gap,0px) * 1 / 2 ) !important}}</style><div class="stk-column-wrapper stk-block-column__content stk-container stk-03f2c68-container stk--no-background stk--no-padding"><div class="stk-block-content stk-inner-blocks stk-03f2c68-inner-blocks">
<p>Estamos muy ilusionados en hacer de éste un evento grato y fructífero. Así, el Comité Científico está trabajando en la confección de un programa que esperamos sea de interés para todos vosotros y estamos seguros de que se verá enriquecido con vuestra experiencia y colaboración. Es por ello por lo que os animamos a participar en todas las actividades programadas.&nbsp;</p>



<p>Nos gustaría seguir con la línea de los congresos anteriores, sobre todo reforzando la unión entre profesionales, la ganas de compartir y siempre buscando la mejor combinación entre lo social y lo científico.</p>



<p>Deseamos que disfrutéis de nuestra ciudad y que os sintáis como en casa. Por nuestra parte, pondremos todo nuestro empeño en que así sea.&nbsp;</p>



<p>Por último, me gustaría agradecer la confianza depositada por la Junta Directiva de la SEMNIM en este Comité Local. También quisiera resaltar el importante trabajo que llevan a cabo los Grupos de Trabajo de nuestra sociedad en la realización del congreso y finalmente darte las gracias a tí, socio de la SEMNIM, porque tú lo haces posible.</p>



<p>Así que ¡¡te esperamos en Pamplona!!</p>



<p><strong><span style="color: var(--theme-palette-color-3, #094AAD);" class="stk-highlight">Elena Goñi Gironés<br></span></strong><span style="color: var(--theme-palette-color-3, #094AAD);" class="stk-highlight">Presidenta del Comité Organizador Local</span></p>
</div></div></div>
</div></div>

<p>Desde el Comité local os damos nuestra más cordial bienvenida al 40º congreso de la SEMNIM que celebraremos en Pamplona del 22 al 24 de mayo de 2024. Fue en 1995 cuando nuestra ciudad fue sede del 18ª congreso, así que es hora de volver a visitarla o de descubrirla para algunos.  Estamos muy ilusionados [&hellip;]</p>

<!-- This site is optimized with the Yoast SEO plugin v24.3 - https://yoast.com/wordpress/plugins/seo/ -->
<title>Bienvenida del Comité Local - Congreso SEMNIM 2024</title>
<meta name="description" content="Pamplona, 22 al 24 de mayo de 2024. Sociedad Española de Medicina Nuclear e Imagen Molecular." />
<meta name="robots" content="index, follow, max-snippet:-1, max-image-preview:large, max-video-preview:-1" />
<link rel="canonical" href="https://congresosemnim.com/2024/bienvenida-del-comite-local/" />
<meta property="og:locale" content="es_ES" />
<meta property="og:type" content="article" />
<meta property="og:title" content="Bienvenida del Comité Local - Congreso SEMNIM 2024" />
<meta property="og:description" content="Pamplona, 22 al 24 de mayo de 2024. Sociedad Española de Medicina Nuclear e Imagen Molecular." />
<meta property="og:url" content="https://congresosemnim.com/2024/bienvenida-del-comite-local/" />
<meta property="og:site_name" content="Congreso SEMNIM 2024" />
<meta property="article:modified_time" content="2023-11-03T14:59:42+00:00" />
<meta property="og:image" content="https://congresosemnim.com/2024/wp-content/uploads/2023/10/seo-semnim.png" />
	<meta property="og:image:width" content="1200" />
	<meta property="og:image:height" content="800" />
	<meta property="og:image:type" content="image/png" />
<meta name="twitter:card" content="summary_large_image" />
<meta name="twitter:label1" content="Tiempo de lectura" />
	<meta name="twitter:data1" content="2 minutos" />
<script type="application/ld+json" class="yoast-schema-graph">{"@context":"https://schema.org","@graph":[{"@type":"WebPage","@id":"https://congresosemnim.com/2024/bienvenida-del-comite-local/","url":"https://congresosemnim.com/2024/bienvenida-del-comite-local/","name":"Bienvenida del Comité Local - Congreso SEMNIM 2024","isPartOf":{"@id":"https://congresosemnim.com/2024/#website"},"primaryImageOfPage":{"@id":"https://congresosemnim.com/2024/bienvenida-del-comite-local/#primaryimage"},"image":{"@id":"https://congresosemnim.com/2024/bienvenida-del-comite-local/#primaryimage"},"thumbnailUrl":"https://congresosemnim.com/2024/wp-content/uploads/2023/10/seo-semnim.png","datePublished":"2023-11-03T14:58:43+00:00","dateModified":"2023-11-03T14:59:42+00:00","description":"Pamplona, 22 al 24 de mayo de 2024. Sociedad Española de Medicina Nuclear e Imagen Molecular.","breadcrumb":{"@id":"https://congresosemnim.com/2024/bienvenida-del-comite-local/#breadcrumb"},"inLanguage":"es","potentialAction":[{"@type":"ReadAction","target":["https://congresosemnim.com/2024/bienvenida-del-comite-local/"]}]},{"@type":"ImageObject","inLanguage":"es","@id":"https://congresosemnim.com/2024/bienvenida-del-comite-local/#primaryimage","url":"https://congresosemnim.com/2024/wp-content/uploads/2023/10/seo-semnim.png","contentUrl":"https://congresosemnim.com/2024/wp-content/uploads/2023/10/seo-semnim.png","width":1200,"height":800},{"@type":"BreadcrumbList","@id":"https://congresosemnim.com/2024/bienvenida-del-comite-local/#breadcrumb","itemListElement":[{"@type":"ListItem","position":1,"name":"Portada","item":"https://congresosemnim.com/2024/"},{"@type":"ListItem","position":2,"name":"Bienvenida del Comité Local"}]},{"@type":"WebSite","@id":"https://congresosemnim.com/2024/#website","url":"https://congresosemnim.com/2024/","name":"Congreso SEMNIM 2024","description":"Pamplona, 22 al 24 de mayo de 2024","publisher":{"@id":"https://congresosemnim.com/2024/#organization"},"potentialAction":[{"@type":"SearchAction","target":{"@type":"EntryPoint","urlTemplate":"https://congresosemnim.com/2024/?s={search_term_string}"},"query-input":{"@type":"PropertyValueSpecification","valueRequired":true,"valueName":"search_term_string"}}],"inLanguage":"es"},{"@type":"Organization","@id":"https://congresosemnim.com/2024/#organization","name":"Congreso SEMNIM 2024","url":"https://congresosemnim.com/2024/","logo":{"@type":"ImageObject","inLanguage":"es","@id":"https://congresosemnim.com/2024/#/schema/logo/image/","url":"https://congresosemnim.com/2024/wp-content/uploads/2023/11/logo-semnim-01.svg","contentUrl":"https://congresosemnim.com/2024/wp-content/uploads/2023/11/logo-semnim-01.svg","width":542,"height":140,"caption":"Congreso SEMNIM 2024"},"image":{"@id":"https://congresosemnim.com/2024/#/schema/logo/image/"}}]}</script>
<!-- / Yoast SEO plugin. -->

Bienvenida del Comité Local - Congreso SEMNIM 2024

Pamplona, 22 al 24 de mayo de 2024. Sociedad Española de Medicina Nuclear e Imagen Molecular.
