{"id":135,"date":"2023-10-30T23:13:57","date_gmt":"2023-10-30T23:13:57","guid":{"rendered":"https:\/\/congresosemnim.com\/2024\/?page_id=135"},"modified":"2023-11-03T15:02:50","modified_gmt":"2023-11-03T15:02:50","slug":"bienvenida-de-la-semnim","status":"publish","type":"page","link":"https:\/\/congresosemnim.com\/2024\/bienvenida-de-la-semnim\/","title":{"rendered":"Bienvenida de la SEMNIM"},"content":{"rendered":"\n<div class=\"wp-block-stackable-columns stk-block-columns stk-block stk-cf6970e\" data-block-id=\"cf6970e\"><style>.stk-cf6970e-column{--stk-columns-spacing:0px !important}<\/style><div class=\"stk-row stk-inner-blocks stk-block-content stk-content-align stk-cf6970e-column\">\n<div class=\"wp-block-stackable-column stk-block-column stk-column stk-block stk-36e274d columna-izquierda\" data-v=\"4\" data-block-id=\"36e274d\"><style>@media screen and (min-width:768px){.stk-36e274d{flex:1 1 calc(50% - var(--stk-column-gap,0px) * 1 \/ 2 ) !important}}<\/style><div class=\"stk-column-wrapper stk-block-column__content stk-container stk-36e274d-container stk--no-background stk--no-padding\"><div class=\"stk-block-content stk-inner-blocks stk-36e274d-inner-blocks\">\n<p class=\"texto-destacado-1\">Es un honor y un placer invitarte al 40\u00ba Congreso de la SEMNIM en nombre de la Sociedad Espa\u00f1ola de Medicina Nuclear e Imagen Molecular, que se celebrar\u00e1 en Pamplona del 22 al 24 de mayo de 2024.<\/p>\n<\/div><\/div><\/div>\n\n\n\n<div class=\"wp-block-stackable-column stk-block-column stk-column stk-block stk-03f2c68\" data-v=\"4\" data-block-id=\"03f2c68\"><style>@media screen and (min-width:768px){.stk-03f2c68{flex:1 1 calc(50% - var(--stk-column-gap,0px) * 1 \/ 2 ) !important}}<\/style><div class=\"stk-column-wrapper stk-block-column__content stk-container stk-03f2c68-container stk--no-background stk--no-padding\"><div class=\"stk-block-content stk-inner-blocks stk-03f2c68-inner-blocks\">\n<p>Fieles a nuestra principal reuni\u00f3n anual, tendremos nuevamente la oportunidad de encontrarnos presencialmente para compartir conocimiento e intercambiar experiencias, ideas y proyectos.&nbsp;<\/p>\n\n\n\n<p>Pretendemos que el Congreso se desarrolle en un entorno participativo y colaborativo, que seguro contribuir\u00e1, no s\u00f3lo a nuestro desarrollo profesional, sino tambi\u00e9n a incrementar los lazos personales y al reforzamiento de nuestra comunidad de especialistas, cada vez presente en m\u00e1s \u00e1mbitos y con mayor peso y reconocimiento.<\/p>\n\n\n\n<p>Tenemos el privilegio de estar viviendo uno de los momentos m\u00e1s ilusionantes de la Medicina Nuclear, gracias al desarrollo tecnol\u00f3gico y a la disponibilidad de nuevos radion\u00faclidos y mol\u00e9culas que est\u00e1n permitiendo aumentar el rendimiento y las indicaciones de nuestros procedimientos diagn\u00f3sticos, con un especial impacto en las aplicaciones terap\u00e9uticas que est\u00e1n propiciando un verdadero cambio en nuestro paradigma asistencial.&nbsp;<\/p>\n\n\n\n<p>Por la misma raz\u00f3n, tenemos una gran responsabilidad en aspirar a los mejores resultados para los pacientes y a contribuir a la eficiencia, accesibilidad y sostenibilidad del sistema sanitario en su conjunto. Con estas premisas, estamos desarrollando distintos proyectos con otras disciplinas y sociedades, a los que tambi\u00e9n queremos dar visibilidad.<\/p>\n\n\n\n<p>Tenemos, por tanto, mucho que compartir y por ello, te animo a que vayas programando tu participaci\u00f3n activa a nuestro Congreso SEMNIM2024 en Pamplona.\u00a0<\/p>\n\n\n\n<p><strong><span style=\"color: var(--theme-palette-color-3, #094AAD);\" class=\"stk-highlight\">Diego Becerra<\/span><\/strong><br><span style=\"color: var(--theme-palette-color-3, #094AAD);\" class=\"stk-highlight\">Presidente de la SEMNIM<\/span><\/p>\n<\/div><\/div><\/div>\n<\/div><\/div>\n","protected":false},"excerpt":{"rendered":"<p>Es un honor y un placer invitarte al 40\u00ba Congreso de la SEMNIM en nombre de la Sociedad Espa\u00f1ola de Medicina Nuclear e Imagen Molecular, que se celebrar\u00e1 en Pamplona del 22 al 24 de mayo de 2024. Fieles a nuestra principal reuni\u00f3n anual, tendremos nuevamente la oportunidad de encontrarnos presencialmente para compartir conocimiento e [&hellip;]<\/p>\n","protected":false},"author":1,"featured_media":141,"parent":0,"menu_order":0,"comment_status":"closed","ping_status":"closed","template":"","meta":{"footnotes":""},"class_list":["post-135","page","type-page","status-publish","has-post-thumbnail","hentry"],"blocksy_meta":[],"yoast_head":"<!-- This site is optimized with the Yoast SEO plugin v24.3 - https:\/\/yoast.com\/wordpress\/plugins\/seo\/ -->\n<title>Bienvenida de la SEMNIM - Congreso SEMNIM 2024<\/title>\n<meta name=\"description\" content=\"Pamplona, 22 al 24 de mayo de 2024. Sociedad Espa\u00f1ola de Medicina Nuclear e Imagen Molecular.\" \/>\n<meta name=\"robots\" content=\"index, follow, max-snippet:-1, max-image-preview:large, max-video-preview:-1\" \/>\n<link rel=\"canonical\" href=\"https:\/\/congresosemnim.com\/2024\/bienvenida-de-la-semnim\/\" \/>\n<meta property=\"og:locale\" content=\"es_ES\" \/>\n<meta property=\"og:type\" content=\"article\" \/>\n<meta property=\"og:title\" content=\"Bienvenida de la SEMNIM - Congreso SEMNIM 2024\" \/>\n<meta property=\"og:description\" content=\"Pamplona, 22 al 24 de mayo de 2024. Sociedad Espa\u00f1ola de Medicina Nuclear e Imagen Molecular.\" \/>\n<meta property=\"og:url\" content=\"https:\/\/congresosemnim.com\/2024\/bienvenida-de-la-semnim\/\" \/>\n<meta property=\"og:site_name\" content=\"Congreso SEMNIM 2024\" \/>\n<meta property=\"article:modified_time\" content=\"2023-11-03T15:02:50+00:00\" \/>\n<meta property=\"og:image\" content=\"https:\/\/congresosemnim.com\/2024\/wp-content\/uploads\/2023\/10\/seo-semnim.png\" \/>\n\t<meta property=\"og:image:width\" content=\"1200\" \/>\n\t<meta property=\"og:image:height\" content=\"800\" \/>\n\t<meta property=\"og:image:type\" content=\"image\/png\" \/>\n<meta name=\"twitter:card\" content=\"summary_large_image\" \/>\n<meta name=\"twitter:label1\" content=\"Tiempo de lectura\" \/>\n\t<meta name=\"twitter:data1\" content=\"2 minutos\" \/>\n<script type=\"application\/ld+json\" class=\"yoast-schema-graph\">{\"@context\":\"https:\/\/schema.org\",\"@graph\":[{\"@type\":\"WebPage\",\"@id\":\"https:\/\/congresosemnim.com\/2024\/bienvenida-de-la-semnim\/\",\"url\":\"https:\/\/congresosemnim.com\/2024\/bienvenida-de-la-semnim\/\",\"name\":\"Bienvenida de la SEMNIM - Congreso SEMNIM 2024\",\"isPartOf\":{\"@id\":\"https:\/\/congresosemnim.com\/2024\/#website\"},\"primaryImageOfPage\":{\"@id\":\"https:\/\/congresosemnim.com\/2024\/bienvenida-de-la-semnim\/#primaryimage\"},\"image\":{\"@id\":\"https:\/\/congresosemnim.com\/2024\/bienvenida-de-la-semnim\/#primaryimage\"},\"thumbnailUrl\":\"https:\/\/congresosemnim.com\/2024\/wp-content\/uploads\/2023\/10\/seo-semnim.png\",\"datePublished\":\"2023-10-30T23:13:57+00:00\",\"dateModified\":\"2023-11-03T15:02:50+00:00\",\"description\":\"Pamplona, 22 al 24 de mayo de 2024. Sociedad Espa\u00f1ola de Medicina Nuclear e Imagen Molecular.\",\"breadcrumb\":{\"@id\":\"https:\/\/congresosemnim.com\/2024\/bienvenida-de-la-semnim\/#breadcrumb\"},\"inLanguage\":\"es\",\"potentialAction\":[{\"@type\":\"ReadAction\",\"target\":[\"https:\/\/congresosemnim.com\/2024\/bienvenida-de-la-semnim\/\"]}]},{\"@type\":\"ImageObject\",\"inLanguage\":\"es\",\"@id\":\"https:\/\/congresosemnim.com\/2024\/bienvenida-de-la-semnim\/#primaryimage\",\"url\":\"https:\/\/congresosemnim.com\/2024\/wp-content\/uploads\/2023\/10\/seo-semnim.png\",\"contentUrl\":\"https:\/\/congresosemnim.com\/2024\/wp-content\/uploads\/2023\/10\/seo-semnim.png\",\"width\":1200,\"height\":800},{\"@type\":\"BreadcrumbList\",\"@id\":\"https:\/\/congresosemnim.com\/2024\/bienvenida-de-la-semnim\/#breadcrumb\",\"itemListElement\":[{\"@type\":\"ListItem\",\"position\":1,\"name\":\"Portada\",\"item\":\"https:\/\/congresosemnim.com\/2024\/\"},{\"@type\":\"ListItem\",\"position\":2,\"name\":\"Bienvenida de la SEMNIM\"}]},{\"@type\":\"WebSite\",\"@id\":\"https:\/\/congresosemnim.com\/2024\/#website\",\"url\":\"https:\/\/congresosemnim.com\/2024\/\",\"name\":\"Congreso SEMNIM 2024\",\"description\":\"Pamplona, 22 al 24 de mayo de 2024\",\"publisher\":{\"@id\":\"https:\/\/congresosemnim.com\/2024\/#organization\"},\"potentialAction\":[{\"@type\":\"SearchAction\",\"target\":{\"@type\":\"EntryPoint\",\"urlTemplate\":\"https:\/\/congresosemnim.com\/2024\/?s={search_term_string}\"},\"query-input\":{\"@type\":\"PropertyValueSpecification\",\"valueRequired\":true,\"valueName\":\"search_term_string\"}}],\"inLanguage\":\"es\"},{\"@type\":\"Organization\",\"@id\":\"https:\/\/congresosemnim.com\/2024\/#organization\",\"name\":\"Congreso SEMNIM 2024\",\"url\":\"https:\/\/congresosemnim.com\/2024\/\",\"logo\":{\"@type\":\"ImageObject\",\"inLanguage\":\"es\",\"@id\":\"https:\/\/congresosemnim.com\/2024\/#\/schema\/logo\/image\/\",\"url\":\"https:\/\/congresosemnim.com\/2024\/wp-content\/uploads\/2023\/11\/logo-semnim-01.svg\",\"contentUrl\":\"https:\/\/congresosemnim.com\/2024\/wp-content\/uploads\/2023\/11\/logo-semnim-01.svg\",\"width\":542,\"height\":140,\"caption\":\"Congreso SEMNIM 2024\"},\"image\":{\"@id\":\"https:\/\/congresosemnim.com\/2024\/#\/schema\/logo\/image\/\"}}]}<\/script>\n<!-- \/ Yoast SEO plugin. -->","yoast_head_json":{"title":"Bienvenida de la SEMNIM - Congreso SEMNIM 2024","description":"Pamplona, 22 al 24 de mayo de 2024. Sociedad Espa\u00f1ola de Medicina Nuclear e Imagen Molecular.","robots":{"index":"index","follow":"follow","max-snippet":"max-snippet:-1","max-image-preview":"max-image-preview:large","max-video-preview":"max-video-preview:-1"},"canonical":"https:\/\/congresosemnim.com\/2024\/bienvenida-de-la-semnim\/","og_locale":"es_ES","og_type":"article","og_title":"Bienvenida de la SEMNIM - Congreso SEMNIM 2024","og_description":"Pamplona, 22 al 24 de mayo de 2024. Sociedad Espa\u00f1ola de Medicina Nuclear e Imagen Molecular.","og_url":"https:\/\/congresosemnim.com\/2024\/bienvenida-de-la-semnim\/","og_site_name":"Congreso SEMNIM 2024","article_modified_time":"2023-11-03T15:02:50+00:00","og_image":[{"width":1200,"height":800,"url":"https:\/\/congresosemnim.com\/2024\/wp-content\/uploads\/2023\/10\/seo-semnim.png","type":"image\/png"}],"twitter_card":"summary_large_image","twitter_misc":{"Tiempo de lectura":"2 minutos"},"schema":{"@context":"https:\/\/schema.org","@graph":[{"@type":"WebPage","@id":"https:\/\/congresosemnim.com\/2024\/bienvenida-de-la-semnim\/","url":"https:\/\/congresosemnim.com\/2024\/bienvenida-de-la-semnim\/","name":"Bienvenida de la SEMNIM - Congreso SEMNIM 2024","isPartOf":{"@id":"https:\/\/congresosemnim.com\/2024\/#website"},"primaryImageOfPage":{"@id":"https:\/\/congresosemnim.com\/2024\/bienvenida-de-la-semnim\/#primaryimage"},"image":{"@id":"https:\/\/congresosemnim.com\/2024\/bienvenida-de-la-semnim\/#primaryimage"},"thumbnailUrl":"https:\/\/congresosemnim.com\/2024\/wp-content\/uploads\/2023\/10\/seo-semnim.png","datePublished":"2023-10-30T23:13:57+00:00","dateModified":"2023-11-03T15:02:50+00:00","description":"Pamplona, 22 al 24 de mayo de 2024. Sociedad Espa\u00f1ola de Medicina Nuclear e Imagen Molecular.","breadcrumb":{"@id":"https:\/\/congresosemnim.com\/2024\/bienvenida-de-la-semnim\/#breadcrumb"},"inLanguage":"es","potentialAction":[{"@type":"ReadAction","target":["https:\/\/congresosemnim.com\/2024\/bienvenida-de-la-semnim\/"]}]},{"@type":"ImageObject","inLanguage":"es","@id":"https:\/\/congresosemnim.com\/2024\/bienvenida-de-la-semnim\/#primaryimage","url":"https:\/\/congresosemnim.com\/2024\/wp-content\/uploads\/2023\/10\/seo-semnim.png","contentUrl":"https:\/\/congresosemnim.com\/2024\/wp-content\/uploads\/2023\/10\/seo-semnim.png","width":1200,"height":800},{"@type":"BreadcrumbList","@id":"https:\/\/congresosemnim.com\/2024\/bienvenida-de-la-semnim\/#breadcrumb","itemListElement":[{"@type":"ListItem","position":1,"name":"Portada","item":"https:\/\/congresosemnim.com\/2024\/"},{"@type":"ListItem","position":2,"name":"Bienvenida de la SEMNIM"}]},{"@type":"WebSite","@id":"https:\/\/congresosemnim.com\/2024\/#website","url":"https:\/\/congresosemnim.com\/2024\/","name":"Congreso SEMNIM 2024","description":"Pamplona, 22 al 24 de mayo de 2024","publisher":{"@id":"https:\/\/congresosemnim.com\/2024\/#organization"},"potentialAction":[{"@type":"SearchAction","target":{"@type":"EntryPoint","urlTemplate":"https:\/\/congresosemnim.com\/2024\/?s={search_term_string}"},"query-input":{"@type":"PropertyValueSpecification","valueRequired":true,"valueName":"search_term_string"}}],"inLanguage":"es"},{"@type":"Organization","@id":"https:\/\/congresosemnim.com\/2024\/#organization","name":"Congreso SEMNIM 2024","url":"https:\/\/congresosemnim.com\/2024\/","logo":{"@type":"ImageObject","inLanguage":"es","@id":"https:\/\/congresosemnim.com\/2024\/#\/schema\/logo\/image\/","url":"https:\/\/congresosemnim.com\/2024\/wp-content\/uploads\/2023\/11\/logo-semnim-01.svg","contentUrl":"https:\/\/congresosemnim.com\/2024\/wp-content\/uploads\/2023\/11\/logo-semnim-01.svg","width":542,"height":140,"caption":"Congreso SEMNIM 2024"},"image":{"@id":"https:\/\/congresosemnim.com\/2024\/#\/schema\/logo\/image\/"}}]}},"_links":{"self":[{"href":"https:\/\/congresosemnim.com\/2024\/wp-json\/wp\/v2\/pages\/135","targetHints":{"allow":["GET"]}}],"collection":[{"href":"https:\/\/congresosemnim.com\/2024\/wp-json\/wp\/v2\/pages"}],"about":[{"href":"https:\/\/congresosemnim.com\/2024\/wp-json\/wp\/v2\/types\/page"}],"author":[{"embeddable":true,"href":"https:\/\/congresosemnim.com\/2024\/wp-json\/wp\/v2\/users\/1"}],"replies":[{"embeddable":true,"href":"https:\/\/congresosemnim.com\/2024\/wp-json\/wp\/v2\/comments?post=135"}],"version-history":[{"count":3,"href":"https:\/\/congresosemnim.com\/2024\/wp-json\/wp\/v2\/pages\/135\/revisions"}],"predecessor-version":[{"id":225,"href":"https:\/\/congresosemnim.com\/2024\/wp-json\/wp\/v2\/pages\/135\/revisions\/225"}],"wp:featuredmedia":[{"embeddable":true,"href":"https:\/\/congresosemnim.com\/2024\/wp-json\/wp\/v2\/media\/141"}],"wp:attachment":[{"href":"https:\/\/congresosemnim.com\/2024\/wp-json\/wp\/v2\/media?parent=135"}],"curies":[{"name":"wp","href":"https:\/\/api.w.org\/{rel}","templated":true}]}}

<div class="wp-block-stackable-columns stk-block-columns stk-block stk-cf6970e" data-block-id="cf6970e"><style>.stk-cf6970e-column{--stk-columns-spacing:0px !important}</style><div class="stk-row stk-inner-blocks stk-block-content stk-content-align stk-cf6970e-column">
<div class="wp-block-stackable-column stk-block-column stk-column stk-block stk-36e274d columna-izquierda" data-v="4" data-block-id="36e274d"><style>@media screen and (min-width:768px){.stk-36e274d{flex:1 1 calc(50% - var(--stk-column-gap,0px) * 1 / 2 ) !important}}</style><div class="stk-column-wrapper stk-block-column__content stk-container stk-36e274d-container stk--no-background stk--no-padding"><div class="stk-block-content stk-inner-blocks stk-36e274d-inner-blocks">
<p class="texto-destacado-1">Es un honor y un placer invitarte al 40º Congreso de la SEMNIM en nombre de la Sociedad Española de Medicina Nuclear e Imagen Molecular, que se celebrará en Pamplona del 22 al 24 de mayo de 2024.</p>
</div></div></div>



<div class="wp-block-stackable-column stk-block-column stk-column stk-block stk-03f2c68" data-v="4" data-block-id="03f2c68"><style>@media screen and (min-width:768px){.stk-03f2c68{flex:1 1 calc(50% - var(--stk-column-gap,0px) * 1 / 2 ) !important}}</style><div class="stk-column-wrapper stk-block-column__content stk-container stk-03f2c68-container stk--no-background stk--no-padding"><div class="stk-block-content stk-inner-blocks stk-03f2c68-inner-blocks">
<p>Fieles a nuestra principal reunión anual, tendremos nuevamente la oportunidad de encontrarnos presencialmente para compartir conocimiento e intercambiar experiencias, ideas y proyectos.&nbsp;</p>



<p>Pretendemos que el Congreso se desarrolle en un entorno participativo y colaborativo, que seguro contribuirá, no sólo a nuestro desarrollo profesional, sino también a incrementar los lazos personales y al reforzamiento de nuestra comunidad de especialistas, cada vez presente en más ámbitos y con mayor peso y reconocimiento.</p>



<p>Tenemos el privilegio de estar viviendo uno de los momentos más ilusionantes de la Medicina Nuclear, gracias al desarrollo tecnológico y a la disponibilidad de nuevos radionúclidos y moléculas que están permitiendo aumentar el rendimiento y las indicaciones de nuestros procedimientos diagnósticos, con un especial impacto en las aplicaciones terapéuticas que están propiciando un verdadero cambio en nuestro paradigma asistencial.&nbsp;</p>



<p>Por la misma razón, tenemos una gran responsabilidad en aspirar a los mejores resultados para los pacientes y a contribuir a la eficiencia, accesibilidad y sostenibilidad del sistema sanitario en su conjunto. Con estas premisas, estamos desarrollando distintos proyectos con otras disciplinas y sociedades, a los que también queremos dar visibilidad.</p>



<p>Tenemos, por tanto, mucho que compartir y por ello, te animo a que vayas programando tu participación activa a nuestro Congreso SEMNIM2024 en Pamplona. </p>



<p><strong><span style="color: var(--theme-palette-color-3, #094AAD);" class="stk-highlight">Diego Becerra</span></strong><br><span style="color: var(--theme-palette-color-3, #094AAD);" class="stk-highlight">Presidente de la SEMNIM</span></p>
</div></div></div>
</div></div>

<p>Es un honor y un placer invitarte al 40º Congreso de la SEMNIM en nombre de la Sociedad Española de Medicina Nuclear e Imagen Molecular, que se celebrará en Pamplona del 22 al 24 de mayo de 2024. Fieles a nuestra principal reunión anual, tendremos nuevamente la oportunidad de encontrarnos presencialmente para compartir conocimiento e [&hellip;]</p>

<!-- This site is optimized with the Yoast SEO plugin v24.3 - https://yoast.com/wordpress/plugins/seo/ -->
<title>Bienvenida de la SEMNIM - Congreso SEMNIM 2024</title>
<meta name="description" content="Pamplona, 22 al 24 de mayo de 2024. Sociedad Española de Medicina Nuclear e Imagen Molecular." />
<meta name="robots" content="index, follow, max-snippet:-1, max-image-preview:large, max-video-preview:-1" />
<link rel="canonical" href="https://congresosemnim.com/2024/bienvenida-de-la-semnim/" />
<meta property="og:locale" content="es_ES" />
<meta property="og:type" content="article" />
<meta property="og:title" content="Bienvenida de la SEMNIM - Congreso SEMNIM 2024" />
<meta property="og:description" content="Pamplona, 22 al 24 de mayo de 2024. Sociedad Española de Medicina Nuclear e Imagen Molecular." />
<meta property="og:url" content="https://congresosemnim.com/2024/bienvenida-de-la-semnim/" />
<meta property="og:site_name" content="Congreso SEMNIM 2024" />
<meta property="article:modified_time" content="2023-11-03T15:02:50+00:00" />
<meta property="og:image" content="https://congresosemnim.com/2024/wp-content/uploads/2023/10/seo-semnim.png" />
	<meta property="og:image:width" content="1200" />
	<meta property="og:image:height" content="800" />
	<meta property="og:image:type" content="image/png" />
<meta name="twitter:card" content="summary_large_image" />
<meta name="twitter:label1" content="Tiempo de lectura" />
	<meta name="twitter:data1" content="2 minutos" />
<script type="application/ld+json" class="yoast-schema-graph">{"@context":"https://schema.org","@graph":[{"@type":"WebPage","@id":"https://congresosemnim.com/2024/bienvenida-de-la-semnim/","url":"https://congresosemnim.com/2024/bienvenida-de-la-semnim/","name":"Bienvenida de la SEMNIM - Congreso SEMNIM 2024","isPartOf":{"@id":"https://congresosemnim.com/2024/#website"},"primaryImageOfPage":{"@id":"https://congresosemnim.com/2024/bienvenida-de-la-semnim/#primaryimage"},"image":{"@id":"https://congresosemnim.com/2024/bienvenida-de-la-semnim/#primaryimage"},"thumbnailUrl":"https://congresosemnim.com/2024/wp-content/uploads/2023/10/seo-semnim.png","datePublished":"2023-10-30T23:13:57+00:00","dateModified":"2023-11-03T15:02:50+00:00","description":"Pamplona, 22 al 24 de mayo de 2024. Sociedad Española de Medicina Nuclear e Imagen Molecular.","breadcrumb":{"@id":"https://congresosemnim.com/2024/bienvenida-de-la-semnim/#breadcrumb"},"inLanguage":"es","potentialAction":[{"@type":"ReadAction","target":["https://congresosemnim.com/2024/bienvenida-de-la-semnim/"]}]},{"@type":"ImageObject","inLanguage":"es","@id":"https://congresosemnim.com/2024/bienvenida-de-la-semnim/#primaryimage","url":"https://congresosemnim.com/2024/wp-content/uploads/2023/10/seo-semnim.png","contentUrl":"https://congresosemnim.com/2024/wp-content/uploads/2023/10/seo-semnim.png","width":1200,"height":800},{"@type":"BreadcrumbList","@id":"https://congresosemnim.com/2024/bienvenida-de-la-semnim/#breadcrumb","itemListElement":[{"@type":"ListItem","position":1,"name":"Portada","item":"https://congresosemnim.com/2024/"},{"@type":"ListItem","position":2,"name":"Bienvenida de la SEMNIM"}]},{"@type":"WebSite","@id":"https://congresosemnim.com/2024/#website","url":"https://congresosemnim.com/2024/","name":"Congreso SEMNIM 2024","description":"Pamplona, 22 al 24 de mayo de 2024","publisher":{"@id":"https://congresosemnim.com/2024/#organization"},"potentialAction":[{"@type":"SearchAction","target":{"@type":"EntryPoint","urlTemplate":"https://congresosemnim.com/2024/?s={search_term_string}"},"query-input":{"@type":"PropertyValueSpecification","valueRequired":true,"valueName":"search_term_string"}}],"inLanguage":"es"},{"@type":"Organization","@id":"https://congresosemnim.com/2024/#organization","name":"Congreso SEMNIM 2024","url":"https://congresosemnim.com/2024/","logo":{"@type":"ImageObject","inLanguage":"es","@id":"https://congresosemnim.com/2024/#/schema/logo/image/","url":"https://congresosemnim.com/2024/wp-content/uploads/2023/11/logo-semnim-01.svg","contentUrl":"https://congresosemnim.com/2024/wp-content/uploads/2023/11/logo-semnim-01.svg","width":542,"height":140,"caption":"Congreso SEMNIM 2024"},"image":{"@id":"https://congresosemnim.com/2024/#/schema/logo/image/"}}]}</script>
<!-- / Yoast SEO plugin. -->

Pamplona, 22 al 24 de mayo de 2024. Sociedad Española de Medicina Nuclear e Imagen Molecular.
