{"id":191,"date":"2022-10-30T21:09:11","date_gmt":"2022-10-30T21:09:11","guid":{"rendered":"https:\/\/congresosemnim.com\/2023\/?page_id=191"},"modified":"2023-01-24T22:31:54","modified_gmt":"2023-01-24T22:31:54","slug":"comite-local","status":"publish","type":"page","link":"https:\/\/congresosemnim.com\/2023\/comite-local\/","title":{"rendered":"Comit\u00e9 Local"},"content":{"rendered":"\n<div class=\"wp-block-stackable-columns stk-block-columns stk-block stk-d0c362e perfiles\" data-block-id=\"d0c362e\"><div class=\"stk-row stk-inner-blocks stk-block-content stk-content-align stk-d0c362e-column\">\n<div class=\"wp-block-stackable-column stk-block-column stk-block-column--v2 stk-column stk-block stk-85d75f7\" data-block-id=\"85d75f7\"><div class=\"stk-column-wrapper stk-block-column__content stk-container stk-85d75f7-container stk--no-background stk--no-padding\"><div class=\"stk-block-content stk-inner-blocks stk-85d75f7-inner-blocks\"><\/div><\/div><\/div>\n\n\n\n<div class=\"wp-block-stackable-column stk-block-column stk-block-column--v2 stk-column stk-block stk-5cff826\" data-block-id=\"5cff826\"><div class=\"stk-column-wrapper stk-block-column__content stk-container stk-5cff826-container stk--no-background stk--no-padding\"><div class=\"stk-block-content stk-inner-blocks stk-5cff826-inner-blocks\">\n<div class=\"wp-block-stackable-image stk-block-image has-text-align-center stk-block stk-585b7bb stk-entrance\" data-block-id=\"585b7bb\"><style>.stk-585b7bb{--entrance-transform:translateY(20px) !important;--entrance-delay:0.5s !important}.stk-585b7bb .stk-img-wrapper{width:150px !important}<\/style><figure class=\"stk-img-wrapper stk-image--shape-stretch\"><img loading=\"lazy\" decoding=\"async\" class=\"stk-img wp-image-252\" src=\"https:\/\/congresosemnim.com\/2023\/wp-content\/uploads\/2022\/11\/perfil-dr-rodriguez.png\" width=\"500\" height=\"500\" srcset=\"https:\/\/congresosemnim.com\/2023\/wp-content\/uploads\/2022\/11\/perfil-dr-rodriguez.png 500w, https:\/\/congresosemnim.com\/2023\/wp-content\/uploads\/2022\/11\/perfil-dr-rodriguez-300x300.png 300w, https:\/\/congresosemnim.com\/2023\/wp-content\/uploads\/2022\/11\/perfil-dr-rodriguez-150x150.png 150w\" sizes=\"auto, (max-width: 500px) 100vw, 500px\" \/><\/figure><\/div>\n\n\n\n<div class=\"wp-block-stackable-text stk-block-text stk-block stk-2ace030 nombre\" data-block-id=\"2ace030\"><style>.stk-2ace030{margin-bottom:0px !important}<\/style><p class=\"stk-block-text__text has-text-align-center\"><strong><span style=\"color: var(--paletteColor3, #006395);\" class=\"stk-highlight\">Dr. Antonio Rodr\u00edguez Fern\u00e1ndez<\/span><\/strong><\/p><\/div>\n\n\n\n<div class=\"wp-block-stackable-text stk-block-text stk-block stk-db6d63d cargo\" data-block-id=\"db6d63d\"><p class=\"stk-block-text__text has-text-align-center\">&#8211; Presidente &#8211;<\/p><\/div>\n<\/div><\/div><\/div>\n\n\n\n<div class=\"wp-block-stackable-column stk-block-column stk-block-column--v2 stk-column stk-block stk-61f0045\" data-block-id=\"61f0045\"><div class=\"stk-column-wrapper stk-block-column__content stk-container stk-61f0045-container stk--no-background stk--no-padding\"><div class=\"stk-block-content stk-inner-blocks stk-61f0045-inner-blocks\">\n<div class=\"wp-block-stackable-image stk-block-image has-text-align-center stk-block stk-818f752 stk-entrance\" data-block-id=\"818f752\"><style>.stk-818f752{--entrance-transform:translateY(20px) !important;--entrance-delay:1s !important}.stk-818f752 .stk-img-wrapper{width:150px !important}<\/style><figure class=\"stk-img-wrapper stk-image--shape-stretch\"><img loading=\"lazy\" decoding=\"async\" class=\"stk-img wp-image-250\" src=\"https:\/\/congresosemnim.com\/2023\/wp-content\/uploads\/2022\/11\/perfil-dr-llamas.png\" width=\"500\" height=\"500\" srcset=\"https:\/\/congresosemnim.com\/2023\/wp-content\/uploads\/2022\/11\/perfil-dr-llamas.png 500w, https:\/\/congresosemnim.com\/2023\/wp-content\/uploads\/2022\/11\/perfil-dr-llamas-300x300.png 300w, https:\/\/congresosemnim.com\/2023\/wp-content\/uploads\/2022\/11\/perfil-dr-llamas-150x150.png 150w\" sizes=\"auto, (max-width: 500px) 100vw, 500px\" \/><\/figure><\/div>\n\n\n\n<div class=\"wp-block-stackable-text stk-block-text stk-block stk-b990802 nombre\" data-block-id=\"b990802\"><style>.stk-b990802{margin-bottom:0px !important}<\/style><p class=\"stk-block-text__text has-text-align-center\"><strong><span style=\"color: var(--paletteColor3, #006395);\" class=\"stk-highlight\">Dr. Jos\u00e9 Manuel Llamas Elvira<\/span><\/strong><\/p><\/div>\n\n\n\n<div class=\"wp-block-stackable-text stk-block-text stk-block stk-187a56e cargo\" data-block-id=\"187a56e\"><p class=\"stk-block-text__text has-text-align-center\">&#8211; Vicepresidente &#8211;<\/p><\/div>\n<\/div><\/div><\/div>\n\n\n\n<div class=\"wp-block-stackable-column stk-block-column stk-block-column--v2 stk-column stk-block stk-3a990b2\" data-block-id=\"3a990b2\"><div class=\"stk-column-wrapper stk-block-column__content stk-container stk-3a990b2-container stk--no-background stk--no-padding\"><div class=\"stk-block-content stk-inner-blocks stk-3a990b2-inner-blocks\"><\/div><\/div><\/div>\n<\/div><\/div>\n\n\n\n<div class=\"wp-block-stackable-columns stk-block-columns stk-block stk-ef2920e perfiles\" data-block-id=\"ef2920e\"><div class=\"stk-row stk-inner-blocks stk-block-content stk-content-align stk-ef2920e-column\">\n<div class=\"wp-block-stackable-column stk-block-column stk-block-column--v2 stk-column stk-block stk-0f527df\" data-block-id=\"0f527df\"><div class=\"stk-column-wrapper stk-block-column__content stk-container stk-0f527df-container stk--no-background stk--no-padding\"><div class=\"stk-block-content stk-inner-blocks stk-0f527df-inner-blocks\">\n<div class=\"wp-block-stackable-image stk-block-image has-text-align-center stk-block stk-9d4f05a stk-entrance\" data-block-id=\"9d4f05a\"><style>.stk-9d4f05a{--entrance-transform:translateY(20px) !important;--entrance-delay:0.5s !important}.stk-9d4f05a .stk-img-wrapper{width:150px !important}<\/style><figure class=\"stk-img-wrapper stk-image--shape-stretch\"><img loading=\"lazy\" decoding=\"async\" class=\"stk-img wp-image-249\" src=\"https:\/\/congresosemnim.com\/2023\/wp-content\/uploads\/2022\/11\/perfil-dr-gomez.png\" width=\"500\" height=\"500\" srcset=\"https:\/\/congresosemnim.com\/2023\/wp-content\/uploads\/2022\/11\/perfil-dr-gomez.png 500w, https:\/\/congresosemnim.com\/2023\/wp-content\/uploads\/2022\/11\/perfil-dr-gomez-300x300.png 300w, https:\/\/congresosemnim.com\/2023\/wp-content\/uploads\/2022\/11\/perfil-dr-gomez-150x150.png 150w\" sizes=\"auto, (max-width: 500px) 100vw, 500px\" \/><\/figure><\/div>\n\n\n\n<div class=\"wp-block-stackable-text stk-block-text stk-block stk-6bd8677 nombre\" data-block-id=\"6bd8677\"><style>.stk-6bd8677{margin-bottom:0px !important}<\/style><p class=\"stk-block-text__text has-text-align-center\"><strong><span style=\"color: var(--paletteColor3, #006395);\" class=\"stk-highlight\">Dr. Manuel G\u00f3mez R\u00edo<\/span><\/strong><\/p><\/div>\n\n\n\n<div class=\"wp-block-stackable-text stk-block-text stk-block stk-fdcf01e cargo\" data-block-id=\"fdcf01e\"><p class=\"stk-block-text__text has-text-align-center\">&#8211; Vocal &#8211;<\/p><\/div>\n<\/div><\/div><\/div>\n\n\n\n<div class=\"wp-block-stackable-column stk-block-column stk-block-column--v2 stk-column stk-block stk-4ded725\" data-block-id=\"4ded725\"><div class=\"stk-column-wrapper stk-block-column__content stk-container stk-4ded725-container stk--no-background stk--no-padding\"><div class=\"stk-block-content stk-inner-blocks stk-4ded725-inner-blocks\">\n<div class=\"wp-block-stackable-image stk-block-image has-text-align-center stk-block stk-fcda60b stk-entrance\" data-block-id=\"fcda60b\"><style>.stk-fcda60b{--entrance-transform:translateY(20px) !important;--entrance-delay:1s !important}.stk-fcda60b .stk-img-wrapper{width:150px !important}<\/style><figure class=\"stk-img-wrapper stk-image--shape-stretch\"><img loading=\"lazy\" decoding=\"async\" class=\"stk-img wp-image-857\" src=\"https:\/\/congresosemnim.com\/2023\/wp-content\/uploads\/2023\/01\/ANTONIO_MORAL_RUIZ.png\" width=\"500\" height=\"500\" srcset=\"https:\/\/congresosemnim.com\/2023\/wp-content\/uploads\/2023\/01\/ANTONIO_MORAL_RUIZ.png 500w, https:\/\/congresosemnim.com\/2023\/wp-content\/uploads\/2023\/01\/ANTONIO_MORAL_RUIZ-300x300.png 300w, https:\/\/congresosemnim.com\/2023\/wp-content\/uploads\/2023\/01\/ANTONIO_MORAL_RUIZ-150x150.png 150w\" sizes=\"auto, (max-width: 500px) 100vw, 500px\" \/><\/figure><\/div>\n\n\n\n<div class=\"wp-block-stackable-text stk-block-text stk-block stk-6ac6ea1 nombre\" data-block-id=\"6ac6ea1\"><style>.stk-6ac6ea1{margin-bottom:0px !important}<\/style><p class=\"stk-block-text__text has-text-align-center\"><strong><span style=\"color: var(--paletteColor3, #006395);\" class=\"stk-highlight\">Dr. Antonio Moral Ruiz<\/span><\/strong><\/p><\/div>\n\n\n\n<div class=\"wp-block-stackable-text stk-block-text stk-block stk-fea9df8 cargo\" data-block-id=\"fea9df8\"><p class=\"stk-block-text__text has-text-align-center\">&#8211; Vocal &#8211;<\/p><\/div>\n<\/div><\/div><\/div>\n\n\n\n<div class=\"wp-block-stackable-column stk-block-column stk-block-column--v2 stk-column stk-block stk-24b676a\" data-block-id=\"24b676a\"><div class=\"stk-column-wrapper stk-block-column__content stk-container stk-24b676a-container stk--no-background stk--no-padding\"><div class=\"stk-block-content stk-inner-blocks stk-24b676a-inner-blocks\">\n<div class=\"wp-block-stackable-image stk-block-image has-text-align-center stk-block stk-ef2a3fd stk-entrance\" data-block-id=\"ef2a3fd\"><style>.stk-ef2a3fd{--entrance-transform:translateY(20px) !important;--entrance-delay:1.5s !important}.stk-ef2a3fd .stk-img-wrapper{width:150px !important}<\/style><figure class=\"stk-img-wrapper stk-image--shape-stretch\"><img loading=\"lazy\" decoding=\"async\" class=\"stk-img wp-image-254\" src=\"https:\/\/congresosemnim.com\/2023\/wp-content\/uploads\/2022\/11\/perfil-dra-muros.png\" width=\"500\" height=\"500\" srcset=\"https:\/\/congresosemnim.com\/2023\/wp-content\/uploads\/2022\/11\/perfil-dra-muros.png 500w, https:\/\/congresosemnim.com\/2023\/wp-content\/uploads\/2022\/11\/perfil-dra-muros-300x300.png 300w, https:\/\/congresosemnim.com\/2023\/wp-content\/uploads\/2022\/11\/perfil-dra-muros-150x150.png 150w\" sizes=\"auto, (max-width: 500px) 100vw, 500px\" \/><\/figure><\/div>\n\n\n\n<div class=\"wp-block-stackable-text stk-block-text stk-block stk-9052856 nombre\" data-block-id=\"9052856\"><style>.stk-9052856{margin-bottom:0px !important}<\/style><p class=\"stk-block-text__text has-text-align-center\"><strong><span style=\"color: var(--paletteColor3, #006395);\" class=\"stk-highlight\">Dra. M\u00aa Angustias Muros de Fuentes<\/span><\/strong><\/p><\/div>\n\n\n\n<div class=\"wp-block-stackable-text stk-block-text stk-block stk-15b3f67 cargo\" data-block-id=\"15b3f67\"><p class=\"stk-block-text__text has-text-align-center\">&#8211; Vocal &#8211;<\/p><\/div>\n<\/div><\/div><\/div>\n\n\n\n<div class=\"wp-block-stackable-column stk-block-column stk-block-column--v2 stk-column stk-block stk-9c20d21\" data-block-id=\"9c20d21\"><div class=\"stk-column-wrapper stk-block-column__content stk-container stk-9c20d21-container stk--no-background stk--no-padding\"><div class=\"stk-block-content stk-inner-blocks stk-9c20d21-inner-blocks\">\n<div class=\"wp-block-stackable-image stk-block-image has-text-align-center stk-block stk-94e817e stk-entrance\" data-block-id=\"94e817e\"><style>.stk-94e817e{--entrance-transform:translateY(20px) !important;--entrance-delay:2s !important}.stk-94e817e .stk-img-wrapper{width:150px !important}<\/style><figure class=\"stk-img-wrapper stk-image--shape-stretch\"><img loading=\"lazy\" decoding=\"async\" class=\"stk-img wp-image-251\" src=\"https:\/\/congresosemnim.com\/2023\/wp-content\/uploads\/2022\/11\/perfil-dr-ramos.png\" width=\"500\" height=\"500\" srcset=\"https:\/\/congresosemnim.com\/2023\/wp-content\/uploads\/2022\/11\/perfil-dr-ramos.png 500w, https:\/\/congresosemnim.com\/2023\/wp-content\/uploads\/2022\/11\/perfil-dr-ramos-300x300.png 300w, https:\/\/congresosemnim.com\/2023\/wp-content\/uploads\/2022\/11\/perfil-dr-ramos-150x150.png 150w\" sizes=\"auto, (max-width: 500px) 100vw, 500px\" \/><\/figure><\/div>\n\n\n\n<div class=\"wp-block-stackable-text stk-block-text stk-block stk-6635c2f nombre\" data-block-id=\"6635c2f\"><style>.stk-6635c2f{margin-bottom:0px !important}<\/style><p class=\"stk-block-text__text has-text-align-center\"><strong><span style=\"color: var(--paletteColor3, #006395);\" class=\"stk-highlight\">Dr. Carlos Ramos Font<\/span><\/strong><\/p><\/div>\n\n\n\n<div class=\"wp-block-stackable-text stk-block-text stk-block stk-0b189e2 cargo\" data-block-id=\"0b189e2\"><p class=\"stk-block-text__text has-text-align-center\">&#8211; Vocal &#8211;<\/p><\/div>\n<\/div><\/div><\/div>\n<\/div><\/div>\n\n\n\n<div class=\"wp-block-stackable-columns stk-block-columns stk-block stk-81195d3 perfiles\" data-block-id=\"81195d3\"><div class=\"stk-row stk-inner-blocks stk-block-content stk-content-align stk-81195d3-column\">\n<div class=\"wp-block-stackable-column stk-block-column stk-block-column--v2 stk-column stk-block stk-3dc7810\" data-block-id=\"3dc7810\"><style>@media screen and (min-width:768px){.stk-3dc7810{flex:1 1 calc(10% - var(--stk-column-gap,0px) * 4 \/ 5 ) !important}}<\/style><div class=\"stk-column-wrapper stk-block-column__content stk-container stk-3dc7810-container stk--no-background stk--no-padding\"><div class=\"stk-block-content stk-inner-blocks stk-3dc7810-inner-blocks\"><\/div><\/div><\/div>\n\n\n\n<div class=\"wp-block-stackable-column stk-block-column stk-block-column--v2 stk-column stk-block stk-52bb3ce\" data-block-id=\"52bb3ce\"><style>@media screen and (min-width:768px){.stk-52bb3ce{flex:1 1 calc(30% - var(--stk-column-gap,0px) * 4 \/ 5 ) !important}}<\/style><div class=\"stk-column-wrapper stk-block-column__content stk-container stk-52bb3ce-container stk--no-background stk--no-padding\"><div class=\"stk-block-content stk-inner-blocks stk-52bb3ce-inner-blocks\">\n<div class=\"wp-block-stackable-image stk-block-image has-text-align-center stk-block stk-b1dd65e stk-entrance\" data-block-id=\"b1dd65e\"><style>.stk-b1dd65e{--entrance-transform:translateY(20px) !important;--entrance-delay:0.5s !important}.stk-b1dd65e .stk-img-wrapper{width:150px !important}<\/style><figure class=\"stk-img-wrapper stk-image--shape-stretch\"><img loading=\"lazy\" decoding=\"async\" class=\"stk-img wp-image-253\" src=\"https:\/\/congresosemnim.com\/2023\/wp-content\/uploads\/2022\/11\/perfil-dr-sanchez.png\" width=\"500\" height=\"500\" srcset=\"https:\/\/congresosemnim.com\/2023\/wp-content\/uploads\/2022\/11\/perfil-dr-sanchez.png 500w, https:\/\/congresosemnim.com\/2023\/wp-content\/uploads\/2022\/11\/perfil-dr-sanchez-300x300.png 300w, https:\/\/congresosemnim.com\/2023\/wp-content\/uploads\/2022\/11\/perfil-dr-sanchez-150x150.png 150w\" sizes=\"auto, (max-width: 500px) 100vw, 500px\" \/><\/figure><\/div>\n\n\n\n<div class=\"wp-block-stackable-text stk-block-text stk-block stk-d520fe4 nombre\" data-block-id=\"d520fe4\"><style>.stk-d520fe4{margin-bottom:0px !important}<\/style><p class=\"stk-block-text__text has-text-align-center\"><strong><span style=\"color: var(--paletteColor3, #006395);\" class=\"stk-highlight\">Dra. Roc\u00edo S\u00e1nchez S\u00e1nchez<\/span><\/strong><\/p><\/div>\n\n\n\n<div class=\"wp-block-stackable-text stk-block-text stk-block stk-4e9ad11 cargo\" data-block-id=\"4e9ad11\"><p class=\"stk-block-text__text has-text-align-center\">&#8211; Vocal &#8211;<\/p><\/div>\n<\/div><\/div><\/div>\n\n\n\n<div class=\"wp-block-stackable-column stk-block-column stk-block-column--v2 stk-column stk-block stk-3dc1c0f\" data-block-id=\"3dc1c0f\"><style>@media screen and (min-width:768px){.stk-3dc1c0f{flex:1 1 calc(20% - var(--stk-column-gap,0px) * 4 \/ 5 ) !important}}<\/style><div class=\"stk-column-wrapper stk-block-column__content stk-container stk-3dc1c0f-container stk--no-background stk--no-padding\"><div class=\"stk-block-content stk-inner-blocks stk-3dc1c0f-inner-blocks\">\n<div class=\"wp-block-stackable-image stk-block-image has-text-align-center stk-block stk-7fd299e stk-entrance\" data-block-id=\"7fd299e\"><style>.stk-7fd299e{--entrance-transform:translateY(20px) !important;--entrance-delay:1s !important}.stk-7fd299e .stk-img-wrapper{width:150px !important}<\/style><figure class=\"stk-img-wrapper stk-image--shape-stretch\"><img loading=\"lazy\" decoding=\"async\" class=\"stk-img wp-image-255\" src=\"https:\/\/congresosemnim.com\/2023\/wp-content\/uploads\/2022\/11\/perfil-dra-trivino.png\" width=\"500\" height=\"500\" srcset=\"https:\/\/congresosemnim.com\/2023\/wp-content\/uploads\/2022\/11\/perfil-dra-trivino.png 500w, https:\/\/congresosemnim.com\/2023\/wp-content\/uploads\/2022\/11\/perfil-dra-trivino-300x300.png 300w, https:\/\/congresosemnim.com\/2023\/wp-content\/uploads\/2022\/11\/perfil-dra-trivino-150x150.png 150w\" sizes=\"auto, (max-width: 500px) 100vw, 500px\" \/><\/figure><\/div>\n\n\n\n<div class=\"wp-block-stackable-text stk-block-text stk-block stk-1dd22bf nombre\" data-block-id=\"1dd22bf\"><style>.stk-1dd22bf{margin-bottom:0px !important}<\/style><p class=\"stk-block-text__text has-text-align-center\"><strong><span style=\"color: var(--paletteColor3, #006395);\" class=\"stk-highlight\">Dra. Eva M\u00aa Trivi\u00f1o Ib\u00e1\u00f1ez<\/span><\/strong><\/p><\/div>\n\n\n\n<div class=\"wp-block-stackable-text stk-block-text stk-block stk-902b166 cargo\" data-block-id=\"902b166\"><p class=\"stk-block-text__text has-text-align-center\">&#8211; Vocal &#8211;<\/p><\/div>\n<\/div><\/div><\/div>\n\n\n\n<div class=\"wp-block-stackable-column stk-block-column stk-block-column--v2 stk-column stk-block stk-ccca676\" data-block-id=\"ccca676\"><style>@media screen and (min-width:768px){.stk-ccca676{flex:1 1 calc(30% - var(--stk-column-gap,0px) * 4 \/ 5 ) !important}}<\/style><div class=\"stk-column-wrapper stk-block-column__content stk-container stk-ccca676-container stk--no-background stk--no-padding\"><div class=\"stk-block-content stk-inner-blocks stk-ccca676-inner-blocks\">\n<div class=\"wp-block-stackable-image stk-block-image has-text-align-center stk-block stk-bc7a4bf stk-entrance\" data-block-id=\"bc7a4bf\"><style>.stk-bc7a4bf{--entrance-transform:translateY(20px) !important;--entrance-delay:1.5s !important}.stk-bc7a4bf .stk-img-wrapper{width:150px !important}<\/style><figure class=\"stk-img-wrapper stk-image--shape-stretch\"><img loading=\"lazy\" decoding=\"async\" class=\"stk-img wp-image-248\" src=\"https:\/\/congresosemnim.com\/2023\/wp-content\/uploads\/2022\/11\/perfil-dr-aroui.png\" width=\"500\" height=\"500\" srcset=\"https:\/\/congresosemnim.com\/2023\/wp-content\/uploads\/2022\/11\/perfil-dr-aroui.png 500w, https:\/\/congresosemnim.com\/2023\/wp-content\/uploads\/2022\/11\/perfil-dr-aroui-300x300.png 300w, https:\/\/congresosemnim.com\/2023\/wp-content\/uploads\/2022\/11\/perfil-dr-aroui-150x150.png 150w\" sizes=\"auto, (max-width: 500px) 100vw, 500px\" \/><\/figure><\/div>\n\n\n\n<div class=\"wp-block-stackable-text stk-block-text stk-block stk-08e28af nombre\" data-block-id=\"08e28af\"><style>.stk-08e28af{margin-bottom:0px !important}<\/style><p class=\"stk-block-text__text has-text-align-center\"><strong><span style=\"color: var(--paletteColor3, #006395);\" class=\"stk-highlight\">Dr. Tarik Aroui Luquin<\/span><\/strong><\/p><\/div>\n\n\n\n<div class=\"wp-block-stackable-text stk-block-text stk-block stk-32c561d cargo\" data-block-id=\"32c561d\"><p class=\"stk-block-text__text has-text-align-center\">&#8211; Vocal &#8211;<\/p><\/div>\n<\/div><\/div><\/div>\n\n\n\n<div class=\"wp-block-stackable-column stk-block-column stk-block-column--v2 stk-column stk-block stk-e403d4a\" data-block-id=\"e403d4a\"><style>@media screen and (min-width:768px){.stk-e403d4a{flex:1 1 calc(10% - var(--stk-column-gap,0px) * 4 \/ 5 ) !important}}<\/style><div class=\"stk-column-wrapper stk-block-column__content stk-container stk-e403d4a-container stk--no-background stk--no-padding\"><div class=\"stk-block-content stk-inner-blocks stk-e403d4a-inner-blocks\"><\/div><\/div><\/div>\n<\/div><\/div>\n","protected":false},"excerpt":{"rendered":"<p>Dr. Antonio Rodr\u00edguez Fern\u00e1ndez &#8211; Presidente &#8211; Dr. Jos\u00e9 Manuel Llamas Elvira &#8211; Vicepresidente &#8211; Dr. Manuel G\u00f3mez R\u00edo &#8211; Vocal &#8211; Dr. Antonio Moral Ruiz &#8211; Vocal &#8211; Dra. M\u00aa Angustias Muros de Fuentes &#8211; Vocal &#8211; Dr. Carlos Ramos Font &#8211; Vocal &#8211; Dra. Roc\u00edo S\u00e1nchez S\u00e1nchez &#8211; Vocal &#8211; Dra. Eva M\u00aa [&hellip;]<\/p>\n","protected":false},"author":1,"featured_media":0,"parent":0,"menu_order":0,"comment_status":"closed","ping_status":"closed","template":"","meta":{"footnotes":""},"class_list":["post-191","page","type-page","status-publish","hentry"],"blocksy_meta":{"styles_descriptor":{"styles":{"desktop":"","tablet":"","mobile":""},"google_fonts":[],"version":5}},"featured_image_urls":{"full":"","thumbnail":"","medium":"","medium_large":"","large":"","1536x1536":"","2048x2048":""},"post_excerpt_stackable":"<p>Dr. Antonio Rodr\u00edguez Fern\u00e1ndez &#8211; Presidente &#8211; Dr. Jos\u00e9 Manuel Llamas Elvira &#8211; Vicepresidente &#8211; Dr. Manuel G\u00f3mez R\u00edo &#8211; Vocal &#8211; Dr. Antonio Moral Ruiz &#8211; Vocal &#8211; Dra. M\u00aa Angustias Muros de Fuentes &#8211; Vocal &#8211; Dr. Carlos Ramos Font &#8211; Vocal &#8211; Dra. Roc\u00edo S\u00e1nchez S\u00e1nchez &#8211; Vocal &#8211; Dra. Eva M\u00aa Trivi\u00f1o Ib\u00e1\u00f1ez &#8211; Vocal &#8211; Dr. Tarik Aroui Luquin &#8211; Vocal &#8211;<\/p>\n","category_list":"","author_info":{"name":"fernandodelavega","url":"https:\/\/congresosemnim.com\/2023\/author\/fernandodelavega\/"},"comments_num":"0 comentarios","_links":{"self":[{"href":"https:\/\/congresosemnim.com\/2023\/wp-json\/wp\/v2\/pages\/191","targetHints":{"allow":["GET"]}}],"collection":[{"href":"https:\/\/congresosemnim.com\/2023\/wp-json\/wp\/v2\/pages"}],"about":[{"href":"https:\/\/congresosemnim.com\/2023\/wp-json\/wp\/v2\/types\/page"}],"author":[{"embeddable":true,"href":"https:\/\/congresosemnim.com\/2023\/wp-json\/wp\/v2\/users\/1"}],"replies":[{"embeddable":true,"href":"https:\/\/congresosemnim.com\/2023\/wp-json\/wp\/v2\/comments?post=191"}],"version-history":[{"count":18,"href":"https:\/\/congresosemnim.com\/2023\/wp-json\/wp\/v2\/pages\/191\/revisions"}],"predecessor-version":[{"id":858,"href":"https:\/\/congresosemnim.com\/2023\/wp-json\/wp\/v2\/pages\/191\/revisions\/858"}],"wp:attachment":[{"href":"https:\/\/congresosemnim.com\/2023\/wp-json\/wp\/v2\/media?parent=191"}],"curies":[{"name":"wp","href":"https:\/\/api.w.org\/{rel}","templated":true}]}}